{"id":7,"date":"2017-12-19T09:36:56","date_gmt":"2017-12-19T09:36:56","guid":{"rendered":"http:\/\/127.0.0.1\/wordpress\/?page_id=7"},"modified":"2018-01-19T00:00:40","modified_gmt":"2018-01-18T22:00:40","slug":"elat-viela","status":"publish","type":"page","link":"https:\/\/laakiksenspeksi.fi\/elatviela\/","title":{"rendered":"El\u00e4t viel\u00e4"},"content":{"rendered":"","protected":false},"excerpt":{"rendered":"","protected":false},"author":1,"featured_media":0,"parent":0,"menu_order":0,"comment_status":"closed","ping_status":"closed","template":"page-templates\/template-home.php","meta":{"_mi_skip_tracking":false,"_ti_tpc_template_sync":false,"_ti_tpc_template_id":"","footnotes":""},"aioseo_notices":[],"yoast_head":"<!-- This site is optimized with the Yoast SEO plugin v19.13 - https:\/\/yoast.com\/wordpress\/plugins\/seo\/ -->\n<title>El\u00e4t viel\u00e4 - El\u00e4t Viel\u00e4<\/title>\n<meta name=\"robots\" content=\"index, follow, max-snippet:-1, max-image-preview:large, max-video-preview:-1\" \/>\n<link rel=\"canonical\" href=\"https:\/\/laakiksenspeksi.fi\/elatviela\/\" \/>\n<meta property=\"og:locale\" content=\"fi_FI\" \/>\n<meta property=\"og:type\" content=\"article\" \/>\n<meta property=\"og:title\" content=\"El\u00e4t viel\u00e4 - El\u00e4t Viel\u00e4\" \/>\n<meta property=\"og:url\" content=\"https:\/\/laakiksenspeksi.fi\/elatviela\/\" \/>\n<meta property=\"og:site_name\" content=\"El\u00e4t Viel\u00e4\" \/>\n<meta property=\"article:modified_time\" content=\"2018-01-18T22:00:40+00:00\" \/>\n<meta name=\"twitter:card\" content=\"summary_large_image\" \/>\n<script type=\"application\/ld+json\" class=\"yoast-schema-graph\">{\"@context\":\"https:\/\/schema.org\",\"@graph\":[{\"@type\":\"WebPage\",\"@id\":\"https:\/\/laakiksenspeksi.fi\/elatviela\/\",\"url\":\"https:\/\/laakiksenspeksi.fi\/elatviela\/\",\"name\":\"El\u00e4t viel\u00e4 - El\u00e4t Viel\u00e4\",\"isPartOf\":{\"@id\":\"https:\/\/laakiksenspeksi.fi\/elatviela\/#website\"},\"datePublished\":\"2017-12-19T09:36:56+00:00\",\"dateModified\":\"2018-01-18T22:00:40+00:00\",\"breadcrumb\":{\"@id\":\"https:\/\/laakiksenspeksi.fi\/elatviela\/#breadcrumb\"},\"inLanguage\":\"fi\",\"potentialAction\":[{\"@type\":\"ReadAction\",\"target\":[\"https:\/\/laakiksenspeksi.fi\/elatviela\/\"]}]},{\"@type\":\"BreadcrumbList\",\"@id\":\"https:\/\/laakiksenspeksi.fi\/elatviela\/#breadcrumb\",\"itemListElement\":[{\"@type\":\"ListItem\",\"position\":1,\"name\":\"Home\",\"item\":\"https:\/\/laakiksenspeksi.fi\/elatviela\/\"},{\"@type\":\"ListItem\",\"position\":2,\"name\":\"El\u00e4t viel\u00e4\"}]},{\"@type\":\"WebSite\",\"@id\":\"https:\/\/laakiksenspeksi.fi\/elatviela\/#website\",\"url\":\"https:\/\/laakiksenspeksi.fi\/elatviela\/\",\"name\":\"El\u00e4t Viel\u00e4\",\"description\":\"31. Helsingin L\u00e4\u00e4kiksen Speksi\",\"publisher\":{\"@id\":\"https:\/\/laakiksenspeksi.fi\/elatviela\/#organization\"},\"potentialAction\":[{\"@type\":\"SearchAction\",\"target\":{\"@type\":\"EntryPoint\",\"urlTemplate\":\"https:\/\/laakiksenspeksi.fi\/elatviela\/?s={search_term_string}\"},\"query-input\":\"required name=search_term_string\"}],\"inLanguage\":\"fi\"},{\"@type\":\"Organization\",\"@id\":\"https:\/\/laakiksenspeksi.fi\/elatviela\/#organization\",\"name\":\"El\u00e4t Viel\u00e4\",\"url\":\"https:\/\/laakiksenspeksi.fi\/elatviela\/\",\"logo\":{\"@type\":\"ImageObject\",\"inLanguage\":\"fi\",\"@id\":\"https:\/\/laakiksenspeksi.fi\/elatviela\/#\/schema\/logo\/image\/\",\"url\":\"https:\/\/laakiksenspeksi.fi\/elatviela\/wp-content\/uploads\/sites\/4\/2018\/01\/cropped-SPEX-logo-2018-blue-simple-03-e1515238657290-2.png\",\"contentUrl\":\"https:\/\/laakiksenspeksi.fi\/elatviela\/wp-content\/uploads\/sites\/4\/2018\/01\/cropped-SPEX-logo-2018-blue-simple-03-e1515238657290-2.png\",\"width\":151,\"height\":62,\"caption\":\"El\u00e4t Viel\u00e4\"},\"image\":{\"@id\":\"https:\/\/laakiksenspeksi.fi\/elatviela\/#\/schema\/logo\/image\/\"}}]}<\/script>\n<!-- \/ Yoast SEO plugin. -->","yoast_head_json":{"title":"El\u00e4t viel\u00e4 - El\u00e4t Viel\u00e4","robots":{"index":"index","follow":"follow","max-snippet":"max-snippet:-1","max-image-preview":"max-image-preview:large","max-video-preview":"max-video-preview:-1"},"canonical":"https:\/\/laakiksenspeksi.fi\/elatviela\/","og_locale":"fi_FI","og_type":"article","og_title":"El\u00e4t viel\u00e4 - El\u00e4t Viel\u00e4","og_url":"https:\/\/laakiksenspeksi.fi\/elatviela\/","og_site_name":"El\u00e4t Viel\u00e4","article_modified_time":"2018-01-18T22:00:40+00:00","twitter_card":"summary_large_image","schema":{"@context":"https:\/\/schema.org","@graph":[{"@type":"WebPage","@id":"https:\/\/laakiksenspeksi.fi\/elatviela\/","url":"https:\/\/laakiksenspeksi.fi\/elatviela\/","name":"El\u00e4t viel\u00e4 - El\u00e4t Viel\u00e4","isPartOf":{"@id":"https:\/\/laakiksenspeksi.fi\/elatviela\/#website"},"datePublished":"2017-12-19T09:36:56+00:00","dateModified":"2018-01-18T22:00:40+00:00","breadcrumb":{"@id":"https:\/\/laakiksenspeksi.fi\/elatviela\/#breadcrumb"},"inLanguage":"fi","potentialAction":[{"@type":"ReadAction","target":["https:\/\/laakiksenspeksi.fi\/elatviela\/"]}]},{"@type":"BreadcrumbList","@id":"https:\/\/laakiksenspeksi.fi\/elatviela\/#breadcrumb","itemListElement":[{"@type":"ListItem","position":1,"name":"Home","item":"https:\/\/laakiksenspeksi.fi\/elatviela\/"},{"@type":"ListItem","position":2,"name":"El\u00e4t viel\u00e4"}]},{"@type":"WebSite","@id":"https:\/\/laakiksenspeksi.fi\/elatviela\/#website","url":"https:\/\/laakiksenspeksi.fi\/elatviela\/","name":"El\u00e4t Viel\u00e4","description":"31. Helsingin L\u00e4\u00e4kiksen Speksi","publisher":{"@id":"https:\/\/laakiksenspeksi.fi\/elatviela\/#organization"},"potentialAction":[{"@type":"SearchAction","target":{"@type":"EntryPoint","urlTemplate":"https:\/\/laakiksenspeksi.fi\/elatviela\/?s={search_term_string}"},"query-input":"required name=search_term_string"}],"inLanguage":"fi"},{"@type":"Organization","@id":"https:\/\/laakiksenspeksi.fi\/elatviela\/#organization","name":"El\u00e4t Viel\u00e4","url":"https:\/\/laakiksenspeksi.fi\/elatviela\/","logo":{"@type":"ImageObject","inLanguage":"fi","@id":"https:\/\/laakiksenspeksi.fi\/elatviela\/#\/schema\/logo\/image\/","url":"https:\/\/laakiksenspeksi.fi\/elatviela\/wp-content\/uploads\/sites\/4\/2018\/01\/cropped-SPEX-logo-2018-blue-simple-03-e1515238657290-2.png","contentUrl":"https:\/\/laakiksenspeksi.fi\/elatviela\/wp-content\/uploads\/sites\/4\/2018\/01\/cropped-SPEX-logo-2018-blue-simple-03-e1515238657290-2.png","width":151,"height":62,"caption":"El\u00e4t Viel\u00e4"},"image":{"@id":"https:\/\/laakiksenspeksi.fi\/elatviela\/#\/schema\/logo\/image\/"}}]}},"_links":{"self":[{"href":"https:\/\/laakiksenspeksi.fi\/elatviela\/wp-json\/wp\/v2\/pages\/7"}],"collection":[{"href":"https:\/\/laakiksenspeksi.fi\/elatviela\/wp-json\/wp\/v2\/pages"}],"about":[{"href":"https:\/\/laakiksenspeksi.fi\/elatviela\/wp-json\/wp\/v2\/types\/page"}],"author":[{"embeddable":true,"href":"https:\/\/laakiksenspeksi.fi\/elatviela\/wp-json\/wp\/v2\/users\/1"}],"replies":[{"embeddable":true,"href":"https:\/\/laakiksenspeksi.fi\/elatviela\/wp-json\/wp\/v2\/comments?post=7"}],"version-history":[{"count":3,"href":"https:\/\/laakiksenspeksi.fi\/elatviela\/wp-json\/wp\/v2\/pages\/7\/revisions"}],"predecessor-version":[{"id":298,"href":"https:\/\/laakiksenspeksi.fi\/elatviela\/wp-json\/wp\/v2\/pages\/7\/revisions\/298"}],"wp:attachment":[{"href":"https:\/\/laakiksenspeksi.fi\/elatviela\/wp-json\/wp\/v2\/media?parent=7"}],"curies":[{"name":"wp","href":"https:\/\/api.w.org\/{rel}","templated":true}]}}