{"id":1101,"date":"2026-01-18T18:13:35","date_gmt":"2026-01-18T16:13:35","guid":{"rendered":"https:\/\/laakiksenspeksi.fi\/matakuu\/?page_id=1101"},"modified":"2026-02-04T22:39:04","modified_gmt":"2026-02-04T20:39:04","slug":"tekijat","status":"publish","type":"page","link":"https:\/\/laakiksenspeksi.fi\/matakuu\/tekijat\/","title":{"rendered":"Tekij\u00e4t"},"content":{"rendered":"<div id=\"pl-1101\"  class=\"panel-layout\" ><div id=\"pg-1101-0\"  class=\"panel-grid panel-no-style\" ><div id=\"pgc-1101-0-0\"  class=\"panel-grid-cell\" ><div id=\"panel-1101-0-0-0\" class=\"so-panel widget widget_sow-editor panel-first-child panel-last-child\" data-index=\"0\" ><div\n\t\t\t\n\t\t\tclass=\"so-widget-sow-editor so-widget-sow-editor-base\"\n\t\t\t\n\t\t>\n<div class=\"siteorigin-widget-tinymce textwidget\">\n\t<p>&nbsp;<\/p>\n<h1 style=\"text-align: center;\">Tekij\u00e4t 2026<\/h1>\n<\/div>\n<\/div><\/div><\/div><\/div><div id=\"pg-1101-1\"  class=\"panel-grid panel-no-style\" ><div id=\"pgc-1101-1-0\"  class=\"panel-grid-cell\" ><div id=\"panel-1101-1-0-0\" class=\"so-panel widget widget_sow-editor panel-first-child panel-last-child\" data-index=\"1\" ><div\n\t\t\t\n\t\t\tclass=\"so-widget-sow-editor so-widget-sow-editor-base\"\n\t\t\t\n\t\t>\n<div class=\"siteorigin-widget-tinymce textwidget\">\n\t<h4>Hallitus<\/h4>\n<h5>Tuottajat<\/h5>\n<p>Aino Honkanen<br \/>\nOliver Virkaj\u00e4rvi<br \/>\nEmma Alppi<br \/>\ntuottajat@laakiksenspeksi.fi<\/p>\n<h5>Talous<\/h5>\n<p>Topias Muukkonen<br \/>\ntalous@laakiksenspeksi.fi<\/p>\n<h5>Markkinointi<\/h5>\n<p>Maria Kahanp\u00e4\u00e4<br \/>\nIlmari Moisio<br \/>\nmarkkinointi@laakiksenspeksi.fi<\/p>\n<h5>Yrityssuhteet<\/h5>\n<p>Milo Grigore<br \/>\nyritykset@laakiksenspeksi.fi<\/p>\n<h5>Tiedottaja<\/h5>\n<p>Veera J\u00e4rvinen<br \/>\ntiedottaja@laakiksenspeksi.fi<\/p>\n<h4>K\u00e4sikirjoitus<\/h4>\n<h5>Pomo<\/h5>\n<p>Aino Kuoppa<\/p>\n<p>Ilmari Moisio<br \/>\nRiku Mentula<br \/>\nSiiri Paloheimo<\/p>\n<h4>N\u00e4yttelij\u00e4t<\/h4>\n<h5>Ohjaaja<\/h5>\n<p>Siiri Paloheimo<br \/>\nohjaaja@laakiksenspeksi.fi<\/p>\n<h5>Apuohjaaja<\/h5>\n<p>Oskari Kallioinen<\/p>\n<h5>Vilda<\/h5>\n<p>Emma Alppi<\/p>\n<h5>Mai<\/h5>\n<p>Aino Honkanen<\/p>\n<h5>F. R. Dunning<\/h5>\n<p>Oskari Kallioinen<\/p>\n<h5>Einar Nilfisk<\/h5>\n<p>Milo Grigore<\/p>\n<h5>Rita Palmer<\/h5>\n<p>Hanna P\u00f6rsti<\/p>\n<h5>Erika Klem<\/h5>\n<p>Saara Tikka<\/p>\n<h5>Taikuri Ozymandias Suuri<\/h5>\n<p>Jussi Taipalharju<\/p>\n<h5>Renttu<\/h5>\n<p>Toivo Rannila<\/p>\n<h4>Musatiim\u00d6<\/h4>\n<h5>Pomot<\/h5>\n<p>Katri Junnila<br \/>\nVenla Sepp\u00e4<\/p>\n<h5>B\u00e4ndi<\/h5>\n<p>Lassi Lakkavaara - koskettimet<br \/>\nSanteri Laine - rummut<br \/>\nRiku Mentula - k\u00e4yr\u00e4torvi<br \/>\nJoonas Linna - basso<br \/>\nKatri Junnila - huilu & perkussiot<br \/>\nVenla Sepp\u00e4 - oboe<br \/>\nOskari Lepp\u00e4nen - kitara<br \/>\nIlmari Moisio - klarinetti<br \/>\nSiiri Lautamies - baritonisaksofoni<br \/>\nEeva-Liina Luukkanen - viulu<br \/>\nNuutti Lehtikuusi - viulu<br \/>\nOiva Raij - viulu<br \/>\nHilda Kilvensalmi - viulu<br \/>\nOliver Virkaj\u00e4rvi - sello<\/p>\n<h5>Taustalaulajat<\/h5>\n<p>Heini Lauerma<br \/>\nGitta Nukala<br \/>\nKustaa Yli-Soini<br \/>\nOosa Pirinen<\/p>\n<h5>Biisikisan voittaja<\/h5>\n<p>Luukas Jokisipil\u00e4<\/p>\n<h4>Laulutiimi<\/h4>\n<h5>Pomot<\/h5>\n<p>Aino Honkanen<br \/>\nPauli Vaara<\/p>\n<h5>Solistit<\/h5>\n<p>Aino Honkanen<br \/>\nAura Kajalo<br \/>\nEmma Alppi<br \/>\nHanna P\u00f6rsti<br \/>\nHeini Lauerma<br \/>\nJussi Taipalharju<br \/>\nIlona Kajalo<br \/>\nKaroliina Suokko<br \/>\nMilo Grigore<br \/>\nOskari Kallioinen<br \/>\nPauli Vaara<br \/>\nSaara Tikka<br \/>\nSiiri Paloheimo<br \/>\nOosa Pirinen<\/p>\n<\/div>\n<\/div><\/div><\/div><div id=\"pgc-1101-1-1\"  class=\"panel-grid-cell\" ><div id=\"panel-1101-1-1-0\" class=\"so-panel widget widget_sow-editor panel-first-child panel-last-child\" data-index=\"2\" ><div\n\t\t\t\n\t\t\tclass=\"so-widget-sow-editor so-widget-sow-editor-base\"\n\t\t\t\n\t\t>\n<div class=\"siteorigin-widget-tinymce textwidget\">\n\t<h4>Tanssijat<\/h4>\n<h5>Pomot<\/h5>\n<p>Viola Brotherus<br \/>\nPihka Oksanen<\/p>\n<p>Aura Kajalo<br \/>\nEmmi Salonen<br \/>\nIiris Vainio<br \/>\nIlona Kajalo<br \/>\nJade Jokinen<br \/>\nJulia von Lerber<br \/>\nKaroliina Suokko<br \/>\nLotta Kaikkonen<br \/>\nMarja T\u00f6ys\u00e4<br \/>\nOona Ansaharju<br \/>\nPihka Oksanen<br \/>\nSara Rouhiainen<br \/>\nSylvia Ilvesaro<br \/>\nViola Brotherus<\/p>\n<h4>Puvustus<\/h4>\n<h5>Pomot<\/h5>\n<p>Pinja Sten<br \/>\nLaura Savolainen<\/p>\n<p>Riimu Lyly<br \/>\nKerttu Isotalo<br \/>\nMilo Grigore<br \/>\nEveliina Heinonen<br \/>\nIina Hartikainen<br \/>\nToivo Rannila<br \/>\nMaria Kahanp\u00e4\u00e4<br \/>\nLinnea Fredriksson<br \/>\nOskari Kallioinen<br \/>\nAino M\u00e4kinen<br \/>\nPihka Oksanen<br \/>\nEssi Kinnunen<br \/>\nSaara Tikka<br \/>\nElvira Westerlund<\/p>\n<h4>Maski<\/h4>\n<h5>Pomo<\/h5>\n<p>Annasofia Lindman<\/p>\n<p>Lilja Juurakko<br \/>\nEmilia Lilja<br \/>\nSilja Turunen<br \/>\nAino Kuoppa<br \/>\nKristiina Rosvall<br \/>\nIiris Mankki<br \/>\nEssi Kinnunen<br \/>\nMaria-Liisa Markozova<br \/>\nSofia Laine<br \/>\nAnnasofia Lindman<\/p>\n<h4>Sovittajat<\/h4>\n<p>Katri Junnila<br \/>\nSanteri Laine<br \/>\nVenla Sepp\u00e4<br \/>\nLassi Lakkavaara<br \/>\nNuutti Lehtikuusi<br \/>\nRiku Mentula<br \/>\nLuukas Jokisipil\u00e4<br \/>\nIlmari Moisio<br \/>\nOliver Virkaj\u00e4rvi<br \/>\nOskari Lepp\u00e4nen<br \/>\nJoonas Linna<\/p>\n<h4>Lavastus<\/h4>\n<h5>Pomot<\/h5>\n<p>Onni Paloheimo<br \/>\nLaura V\u00e4is\u00e4nen<\/p>\n<p>Aarni Ollila<br \/>\nAleksi Moisio<br \/>\nAukisti Valli<br \/>\nIiro Tikkakoski<br \/>\nIlmari Moisio<br \/>\nJussi H\u00f6ltt\u00e4<br \/>\nLilja Ukkola<br \/>\nNikke Haataja<br \/>\nNooa Myllykoski<br \/>\nPauli Wickman<br \/>\nRonja Vuoristo<br \/>\nVeera Suominen<br \/>\nVille Majaniemi<br \/>\nXiaojan Kein\u00e4nen<\/p>\n<h4>Rekvisiitta<\/h4>\n<h5>Pomot<\/h5>\n<p>Emma Varmavuo<br \/>\nRiimu Lyly<\/p>\n<p>Saara Tikka<br \/>\nAarni Ollila<br \/>\nMilo Grigore<br \/>\nPinja Sten<br \/>\nJussi H\u00f6ltt\u00e4<br \/>\nRonja Vuoristo<br \/>\nEevi Strandstr\u00f6m<br \/>\nAnni Nousiainen<br \/>\nEveliina Heinonen<br \/>\nNooa Myllykoski<br \/>\nEve Kataikko<br \/>\nOnni Paloheimo<br \/>\nLaura V\u00e4is\u00e4nen<\/p>\n<h4>\u00c4\u00e4net<\/h4>\n<h5>Pomo<\/h5>\n<p>Nikke Haataja<\/p>\n<p>Eerik Jussila<br \/>\nShakar Kutal<br \/>\nNiilo Parkko<br \/>\nMilo Grigore<br \/>\nIlmari Moisio<\/p>\n<h4>Valot<\/h4>\n<h5>Pomo<\/h5>\n<p>Eerik Jussila<\/p>\n<p>Kristofer Brosman<br \/>\nShakar Kutal<br \/>\nNiilo Parkko<br \/>\nVeikka Kortelainen<\/p>\n<\/div>\n<\/div><\/div><\/div><div id=\"pgc-1101-1-2\"  class=\"panel-grid-cell\" ><div id=\"panel-1101-1-2-0\" class=\"so-panel widget widget_sow-editor panel-first-child panel-last-child\" data-index=\"3\" ><div\n\t\t\t\n\t\t\tclass=\"so-widget-sow-editor so-widget-sow-editor-base\"\n\t\t\t\n\t\t>\n<div class=\"siteorigin-widget-tinymce textwidget\">\n\t<h4>Nettisivut<\/h4>\n<h5><a style=\"text-decoration: none; color: inherit\" href=\"https:\/\/laakiksenspeksi.fi\/turbokertomus\/wp-content\/uploads\/sites\/19\/2025\/02\/IMG_8109-min-scaled.jpg\">Pomo<\/a><\/h5>\n<p>Topias Muukkonen<\/p>\n<h4>Kuvaus<\/h4>\n<h5>Pomo<\/h5>\n<p>Antti Hautam\u00e4ki<\/p>\n<p>Anni Soimasuo<br \/>\nEmma Alppi<br \/>\nEmma Mikkonen<br \/>\nEveliina Heinonen<br \/>\nHanna Ranta<br \/>\nIlmari Moisio<br \/>\nMaria Kahanp\u00e4\u00e4<br \/>\nMilka Nuutinen<br \/>\nNooa Myllykoski<br \/>\nPauli Vaara<br \/>\nPekka Murto<br \/>\nPeik Lahdenm\u00e4ki<br \/>\nPouta Kettunen<br \/>\nSamu Huovinen<br \/>\nToivo Rannila<br \/>\nVeera J\u00e4rvinen<\/p>\n<h4>Grafiikka<\/h4>\n<h5>Pomo<\/h5>\n<p>Emma Mikkonen<\/p>\n<p>Tatiana Chicherina<br \/>\nElias Drufva<br \/>\nAntti Hautam\u00e4ki<br \/>\nEveliina Heinonen<br \/>\nJaana Heiskanen<br \/>\nAino Kuoppa<br \/>\nPikka Karppinen<br \/>\nHeini Lauerma<br \/>\nAnnasofia Lindman<br \/>\nMaria-Liisa Markozova<br \/>\nEmma Mikkonen<br \/>\nSaara Tikka<br \/>\nRiikka Vasama<\/p>\n<h4>Sanoitus<\/h4>\n<h5>Pomot<\/h5>\n<p>Aino Honkanen<br \/>\nAino Kuoppa<\/p>\n<p>Aino Honkanen<br \/>\nAino Kuoppa<br \/>\nAlisa Heikkinen<br \/>\nAlisa Lindgren<br \/>\nAndreas Johansson<br \/>\nAnnasofia Lindman<br \/>\nAnni Soimasuo<br \/>\nAukusti Valli<br \/>\nAura Kajalo<br \/>\nEerik Jussila<br \/>\nEmma Alppi<br \/>\nEmmi Salonen<br \/>\nHanna P\u00f6rsti<br \/>\nHanna Ranta<br \/>\nHeini Lauerma<br \/>\nIida Ikkel\u00e4<br \/>\nIiris Vainio<br \/>\nIlmari Moisio<br \/>\nIlona Kajalo<br \/>\nJulia Ilmo<br \/>\nJussi H\u00f6ltt\u00e4<br \/>\nMilo Grigore<br \/>\nNikke Haataja<br \/>\nNooa Myllykoski<br \/>\nOliver Virkaj\u00e4rvi<br \/>\nOsku Kallioinen<br \/>\nPauli Vaara<br \/>\nRiku Mentula<br \/>\nSaara Tikka<br \/>\nSiiri Paloheimo<br \/>\nVeera J\u00e4rvinen<br \/>\nVenla Sepp\u00e4<\/p>\n<h4>Hupi<\/h4>\n<h5>Pomot<\/h5>\n<p>Hanna P\u00f6rsti<br \/>\nLotta Kaikkonen<br \/>\nSaana Silvennoinen<br \/>\nSelina Lindholm<\/p>\n<p>Aamu Harlas<br \/>\nAda Oila<br \/>\nAkusti Skytt\u00e4<br \/>\nAnna Hellqvist<br \/>\nEeva Hirvensalo<br \/>\nElla Eskola<br \/>\nElla Kiviniemi<br \/>\nEmilia Lilja<br \/>\nKatariina Poij\u00e4rvi<br \/>\nKustaa Yli-Soini<br \/>\nLassi Lakkavaara<br \/>\nMoona Hult<br \/>\nOiva Raij<br \/>\nRonja Puolakka<br \/>\nSanni Kinnari<br \/>\nSilja Turunen<br \/>\nTitta Tuukkanen<br \/>\nTopias Muukkonen<br \/>\nTuuli J\u00e4rvel\u00e4<br \/>\nVeera Kortelainen<br \/>\nVeikka Kortelainen<br \/>\nVerna Lempi\u00f6<br \/>\nViivi Song<\/p>\n<h4>Merch<\/h4>\n<h5>Pomo<\/h5>\n<p>Lassi Lakkavaara<\/p>\n<p>Veikka Kortelainen<br \/>\nAnnika Rantala<br \/>\nSanteri Laine<\/p>\n<h4>Kiertue<\/h4>\n<h5>Pomot<\/h5>\n<p>Ilmari Moisio<br \/>\nAleksi Moisio<\/p>\n<h4>Yhdenvertaisuusvastaava<\/h4>\n<p>Aleksi Moisio<\/p>\n<h4>Ymp\u00e4rist\u00f6vastaava<\/h4>\n<p>Julia Ilmo<\/p>\n<\/div>\n<\/div><\/div><\/div><\/div><\/div>","protected":false},"excerpt":{"rendered":"<p>&nbsp; Tekij\u00e4t 2026 Hallitus Tuottajat Aino Honkanen Oliver Virkaj\u00e4rvi Emma Alppi tuottajat@laakiksenspeksi.fi Talous Topias Muukkonen talous@laakiksenspeksi.fi Markkinointi Maria Kahanp\u00e4\u00e4 Ilmari Moisio markkinointi@laakiksenspeksi.fi Yrityssuhteet Milo Grigore yritykset@laakiksenspeksi.fi Tiedottaja Veera J\u00e4rvinen tiedottaja@laakiksenspeksi.fi K\u00e4sikirjoitus Pomo Aino Kuoppa Ilmari Moisio Riku Mentula Siiri Paloheimo N\u00e4yttelij\u00e4t Ohjaaja Siiri Paloheimo ohjaaja@laakiksenspeksi.fi Apuohjaaja Oskari Kallioinen Vilda Emma Alppi Mai Aino Honkanen F.&hellip;&nbsp;<a href=\"https:\/\/laakiksenspeksi.fi\/matakuu\/tekijat\/\" class=\"\" rel=\"bookmark\">Lue lis\u00e4\u00e4 &raquo;<span class=\"screen-reader-text\">Tekij\u00e4t<\/span><\/a><\/p>\n","protected":false},"author":11,"featured_media":0,"parent":0,"menu_order":0,"comment_status":"closed","ping_status":"closed","template":"","meta":{"_mi_skip_tracking":false,"neve_meta_sidebar":"","neve_meta_container":"","neve_meta_enable_content_width":"off","neve_meta_content_width":100,"neve_meta_title_alignment":"","neve_meta_author_avatar":"","neve_post_elements_order":"","neve_meta_disable_header":"","neve_meta_disable_footer":"","neve_meta_disable_title":"","_themeisle_gutenberg_block_has_review":false,"_ti_tpc_template_sync":false,"_ti_tpc_template_id":"","footnotes":""},"aioseo_notices":[],"yoast_head":"<!-- This site is optimized with the Yoast SEO plugin v19.13 - https:\/\/yoast.com\/wordpress\/plugins\/seo\/ -->\n<title>Tekij\u00e4t - M\u00e4t\u00e4kuun aikaan<\/title>\n<meta name=\"robots\" content=\"index, follow, max-snippet:-1, max-image-preview:large, max-video-preview:-1\" \/>\n<link rel=\"canonical\" href=\"https:\/\/laakiksenspeksi.fi\/matakuu\/tekijat\/\" \/>\n<meta property=\"og:locale\" content=\"fi_FI\" \/>\n<meta property=\"og:type\" content=\"article\" \/>\n<meta property=\"og:title\" content=\"Tekij\u00e4t - M\u00e4t\u00e4kuun aikaan\" \/>\n<meta property=\"og:description\" content=\"&nbsp; Tekij\u00e4t 2026 Hallitus Tuottajat Aino Honkanen Oliver Virkaj\u00e4rvi Emma Alppi tuottajat@laakiksenspeksi.fi Talous Topias Muukkonen talous@laakiksenspeksi.fi Markkinointi Maria Kahanp\u00e4\u00e4 Ilmari Moisio markkinointi@laakiksenspeksi.fi Yrityssuhteet Milo Grigore yritykset@laakiksenspeksi.fi Tiedottaja Veera J\u00e4rvinen tiedottaja@laakiksenspeksi.fi K\u00e4sikirjoitus Pomo Aino Kuoppa Ilmari Moisio Riku Mentula Siiri Paloheimo N\u00e4yttelij\u00e4t Ohjaaja Siiri Paloheimo ohjaaja@laakiksenspeksi.fi Apuohjaaja Oskari Kallioinen Vilda Emma Alppi Mai Aino Honkanen F.&hellip;&nbsp;Lue lis\u00e4\u00e4 &raquo;Tekij\u00e4t\" \/>\n<meta property=\"og:url\" content=\"https:\/\/laakiksenspeksi.fi\/matakuu\/tekijat\/\" \/>\n<meta property=\"og:site_name\" content=\"M\u00e4t\u00e4kuun aikaan\" \/>\n<meta property=\"article:modified_time\" content=\"2026-02-04T20:39:04+00:00\" \/>\n<meta name=\"twitter:card\" content=\"summary_large_image\" \/>\n<meta name=\"twitter:label1\" content=\"Arvioitu lukuaika\" \/>\n\t<meta name=\"twitter:data1\" content=\"3 minuuttia\" \/>\n<script type=\"application\/ld+json\" class=\"yoast-schema-graph\">{\"@context\":\"https:\/\/schema.org\",\"@graph\":[{\"@type\":\"WebPage\",\"@id\":\"https:\/\/laakiksenspeksi.fi\/matakuu\/tekijat\/\",\"url\":\"https:\/\/laakiksenspeksi.fi\/matakuu\/tekijat\/\",\"name\":\"Tekij\u00e4t - M\u00e4t\u00e4kuun aikaan\",\"isPartOf\":{\"@id\":\"https:\/\/laakiksenspeksi.fi\/matakuu\/#website\"},\"datePublished\":\"2026-01-18T16:13:35+00:00\",\"dateModified\":\"2026-02-04T20:39:04+00:00\",\"breadcrumb\":{\"@id\":\"https:\/\/laakiksenspeksi.fi\/matakuu\/tekijat\/#breadcrumb\"},\"inLanguage\":\"fi\",\"potentialAction\":[{\"@type\":\"ReadAction\",\"target\":[\"https:\/\/laakiksenspeksi.fi\/matakuu\/tekijat\/\"]}]},{\"@type\":\"BreadcrumbList\",\"@id\":\"https:\/\/laakiksenspeksi.fi\/matakuu\/tekijat\/#breadcrumb\",\"itemListElement\":[{\"@type\":\"ListItem\",\"position\":1,\"name\":\"Etusivu\",\"item\":\"https:\/\/laakiksenspeksi.fi\/matakuu\/\"},{\"@type\":\"ListItem\",\"position\":2,\"name\":\"Tekij\u00e4t\"}]},{\"@type\":\"WebSite\",\"@id\":\"https:\/\/laakiksenspeksi.fi\/matakuu\/#website\",\"url\":\"https:\/\/laakiksenspeksi.fi\/matakuu\/\",\"name\":\"M\u00e4t\u00e4kuun aikaan\",\"description\":\"Helsingin L\u00e4\u00e4kiksen Speksi 2026 - M\u00e4t\u00e4kuun aikaan\",\"potentialAction\":[{\"@type\":\"SearchAction\",\"target\":{\"@type\":\"EntryPoint\",\"urlTemplate\":\"https:\/\/laakiksenspeksi.fi\/matakuu\/?s={search_term_string}\"},\"query-input\":\"required name=search_term_string\"}],\"inLanguage\":\"fi\"}]}<\/script>\n<!-- \/ Yoast SEO plugin. -->","yoast_head_json":{"title":"Tekij\u00e4t - M\u00e4t\u00e4kuun aikaan","robots":{"index":"index","follow":"follow","max-snippet":"max-snippet:-1","max-image-preview":"max-image-preview:large","max-video-preview":"max-video-preview:-1"},"canonical":"https:\/\/laakiksenspeksi.fi\/matakuu\/tekijat\/","og_locale":"fi_FI","og_type":"article","og_title":"Tekij\u00e4t - M\u00e4t\u00e4kuun aikaan","og_description":"&nbsp; Tekij\u00e4t 2026 Hallitus Tuottajat Aino Honkanen Oliver Virkaj\u00e4rvi Emma Alppi tuottajat@laakiksenspeksi.fi Talous Topias Muukkonen talous@laakiksenspeksi.fi Markkinointi Maria Kahanp\u00e4\u00e4 Ilmari Moisio markkinointi@laakiksenspeksi.fi Yrityssuhteet Milo Grigore yritykset@laakiksenspeksi.fi Tiedottaja Veera J\u00e4rvinen tiedottaja@laakiksenspeksi.fi K\u00e4sikirjoitus Pomo Aino Kuoppa Ilmari Moisio Riku Mentula Siiri Paloheimo N\u00e4yttelij\u00e4t Ohjaaja Siiri Paloheimo ohjaaja@laakiksenspeksi.fi Apuohjaaja Oskari Kallioinen Vilda Emma Alppi Mai Aino Honkanen F.&hellip;&nbsp;Lue lis\u00e4\u00e4 &raquo;Tekij\u00e4t","og_url":"https:\/\/laakiksenspeksi.fi\/matakuu\/tekijat\/","og_site_name":"M\u00e4t\u00e4kuun aikaan","article_modified_time":"2026-02-04T20:39:04+00:00","twitter_card":"summary_large_image","twitter_misc":{"Arvioitu lukuaika":"3 minuuttia"},"schema":{"@context":"https:\/\/schema.org","@graph":[{"@type":"WebPage","@id":"https:\/\/laakiksenspeksi.fi\/matakuu\/tekijat\/","url":"https:\/\/laakiksenspeksi.fi\/matakuu\/tekijat\/","name":"Tekij\u00e4t - M\u00e4t\u00e4kuun aikaan","isPartOf":{"@id":"https:\/\/laakiksenspeksi.fi\/matakuu\/#website"},"datePublished":"2026-01-18T16:13:35+00:00","dateModified":"2026-02-04T20:39:04+00:00","breadcrumb":{"@id":"https:\/\/laakiksenspeksi.fi\/matakuu\/tekijat\/#breadcrumb"},"inLanguage":"fi","potentialAction":[{"@type":"ReadAction","target":["https:\/\/laakiksenspeksi.fi\/matakuu\/tekijat\/"]}]},{"@type":"BreadcrumbList","@id":"https:\/\/laakiksenspeksi.fi\/matakuu\/tekijat\/#breadcrumb","itemListElement":[{"@type":"ListItem","position":1,"name":"Etusivu","item":"https:\/\/laakiksenspeksi.fi\/matakuu\/"},{"@type":"ListItem","position":2,"name":"Tekij\u00e4t"}]},{"@type":"WebSite","@id":"https:\/\/laakiksenspeksi.fi\/matakuu\/#website","url":"https:\/\/laakiksenspeksi.fi\/matakuu\/","name":"M\u00e4t\u00e4kuun aikaan","description":"Helsingin L\u00e4\u00e4kiksen Speksi 2026 - M\u00e4t\u00e4kuun aikaan","potentialAction":[{"@type":"SearchAction","target":{"@type":"EntryPoint","urlTemplate":"https:\/\/laakiksenspeksi.fi\/matakuu\/?s={search_term_string}"},"query-input":"required name=search_term_string"}],"inLanguage":"fi"}]}},"_links":{"self":[{"href":"https:\/\/laakiksenspeksi.fi\/matakuu\/wp-json\/wp\/v2\/pages\/1101"}],"collection":[{"href":"https:\/\/laakiksenspeksi.fi\/matakuu\/wp-json\/wp\/v2\/pages"}],"about":[{"href":"https:\/\/laakiksenspeksi.fi\/matakuu\/wp-json\/wp\/v2\/types\/page"}],"author":[{"embeddable":true,"href":"https:\/\/laakiksenspeksi.fi\/matakuu\/wp-json\/wp\/v2\/users\/11"}],"replies":[{"embeddable":true,"href":"https:\/\/laakiksenspeksi.fi\/matakuu\/wp-json\/wp\/v2\/comments?post=1101"}],"version-history":[{"count":7,"href":"https:\/\/laakiksenspeksi.fi\/matakuu\/wp-json\/wp\/v2\/pages\/1101\/revisions"}],"predecessor-version":[{"id":1139,"href":"https:\/\/laakiksenspeksi.fi\/matakuu\/wp-json\/wp\/v2\/pages\/1101\/revisions\/1139"}],"wp:attachment":[{"href":"https:\/\/laakiksenspeksi.fi\/matakuu\/wp-json\/wp\/v2\/media?parent=1101"}],"curies":[{"name":"wp","href":"https:\/\/api.w.org\/{rel}","templated":true}]}}