{"id":221,"date":"2022-10-29T14:22:10","date_gmt":"2022-10-29T11:22:10","guid":{"rendered":"https:\/\/laakiksenspeksi.fi\/mysteerimikitin\/?page_id=221"},"modified":"2026-01-29T20:14:39","modified_gmt":"2026-01-29T18:14:39","slug":"yhteystiedot","status":"publish","type":"page","link":"https:\/\/laakiksenspeksi.fi\/matakuu\/yhteystiedot\/","title":{"rendered":"Yhteystiedot"},"content":{"rendered":"\n<div id=\"wp-block-themeisle-blocks-advanced-columns-1fe42457\" class=\"wp-block-themeisle-blocks-advanced-columns has-1-columns has-desktop-equal-layout has-tablet-equal-layout has-mobile-collapsedRows-layout has-vertical-unset\"><div class=\"wp-block-themeisle-blocks-advanced-columns-overlay\"><\/div><div class=\"innerblocks-wrap\">\n<div id=\"wp-block-themeisle-blocks-advanced-column-47da812c\" class=\"wp-block-themeisle-blocks-advanced-column\">\n<div class=\"wp-block-siteorigin-panels-layout-block ticss-d43a65c8\">\n<div id=\"pl-221\" class=\"panel-layout\">\n<div id=\"pg-221-0\" class=\"panel-grid panel-no-style\">\n<div id=\"pgc-221-0-0\" class=\"panel-grid-cell\">\n<div id=\"panel-221-0-0-0\" class=\"so-panel widget widget_text panel-first-child panel-last-child\" data-index=\"0\">\n<div class=\"textwidget\">\n<h1>YHTEYSTIEDOT<\/h1>\n<\/div>\n<\/div>\n<\/div>\n<\/div>\n<div id=\"pg-221-1\" class=\"panel-grid panel-no-style\">\n<div id=\"pgc-221-1-0\" class=\"panel-grid-cell\">\n<div id=\"panel-221-1-0-0\" class=\"so-panel widget widget_text panel-first-child panel-last-child\" data-index=\"1\">\n<div class=\"textwidget\">\n<h3 style=\"font-family: wallau;\" data-tadv-p=\"keep\"><strong>Kauden 2025 \u2013 2026 hallitus<\/strong><\/h3>\n<p><strong>Tuottajat<\/strong><br>Aino Honkanen<br>Oliver Virkaj\u00e4rvi<br>Emma Alppi<br><br>tuottajat@laakiksenspeksi.fi<\/p>\n<p><strong>Talous<\/strong><br>Topias Muukkonen \u2013 talous@laakiksenspeksi.fi<\/p>\n<p><strong>Markkinointi<\/strong><br>Ilmari Moisio<br>Maria Kahanp\u00e4\u00e4<br><br>liput@laakiksenspeksi.fi<\/p>\n<p><strong>Yrityssuhteet<\/strong><br>Milo Grigore \u2013 yritykset@laakiksenspeksi.fi<\/p>\n<p><strong>Tiedottaja<\/strong><br>Veera J\u00e4rvinen \u2013 tiedottaja@laakiksenspeksi.fi<\/p>\n<h3 style=\"font-family: wallau;\" data-tadv-p=\"keep\"><strong>Virkailijat<\/strong><\/h3>\n<p><strong>Ohjaaja<\/strong><br>Siiri Paloheimo \u2013 ohjaaja@laakiksenspeksi.fi<\/p>\n<p><strong>Ymp\u00e4rist\u00f6vastaava<\/strong><br>Julia Ilmo<\/p>\n<p><strong>Yhdenvertaisuusvastaava<\/strong><br>Aleksi Moisio <br><a style=\"text-decoration: none; color: #357a38;\" href=\"https:\/\/docs.google.com\/forms\/d\/e\/1FAIpQLSeXKPCJ0Zvkikuk1Tp48Qrv5cglP3VS3PuoAOCxuU3572deGw\/viewform\" target=\"_blank\" rel=\"noopener\">Ota yhteytt\u00e4 yhdenvertaisuusvastaavaan<\/a><\/p>\n<h3 style=\"font-family: wallau;\" data-tadv-p=\"keep\"><strong>Helsingin L\u00e4\u00e4kiksen Speksi<\/strong><\/h3>\n<p><strong>Postiosoite<\/strong><br>Haartmaninkatu 8 (Biomedicum)<br>00270 Helsinki<\/p>\n<p><strong>Y-tunnus<\/strong><br>1952055-9<\/p>\n<p><strong>S\u00e4hk\u00f6posti<\/strong><br>tiedottaja@laakiksenspeksi.fi<\/p>\n<\/div>\n<\/div>\n<\/div>\n<\/div>\n<\/div>\n<\/div>\n<\/div>\n<\/div><\/div>\n","protected":false},"excerpt":{"rendered":"","protected":false},"author":5,"featured_media":0,"parent":0,"menu_order":0,"comment_status":"closed","ping_status":"closed","template":"","meta":{"_mi_skip_tracking":false,"neve_meta_sidebar":"","neve_meta_container":"","neve_meta_enable_content_width":"","neve_meta_content_width":0,"neve_meta_title_alignment":"","neve_meta_author_avatar":"","neve_post_elements_order":"","neve_meta_disable_header":"","neve_meta_disable_footer":"","neve_meta_disable_title":"","_themeisle_gutenberg_block_has_review":false,"_ti_tpc_template_sync":false,"_ti_tpc_template_id":"","footnotes":""},"aioseo_notices":[],"yoast_head":"<!-- This site is optimized with the Yoast SEO plugin v19.13 - https:\/\/yoast.com\/wordpress\/plugins\/seo\/ -->\n<title>Yhteystiedot - M\u00e4t\u00e4kuun aikaan<\/title>\n<meta name=\"robots\" content=\"index, follow, max-snippet:-1, max-image-preview:large, max-video-preview:-1\" \/>\n<link rel=\"canonical\" href=\"https:\/\/laakiksenspeksi.fi\/matakuu\/yhteystiedot\/\" \/>\n<meta property=\"og:locale\" content=\"fi_FI\" \/>\n<meta property=\"og:type\" content=\"article\" \/>\n<meta property=\"og:title\" content=\"Yhteystiedot - M\u00e4t\u00e4kuun aikaan\" \/>\n<meta property=\"og:url\" content=\"https:\/\/laakiksenspeksi.fi\/matakuu\/yhteystiedot\/\" \/>\n<meta property=\"og:site_name\" content=\"M\u00e4t\u00e4kuun aikaan\" \/>\n<meta property=\"article:modified_time\" content=\"2026-01-29T18:14:39+00:00\" \/>\n<meta name=\"twitter:card\" content=\"summary_large_image\" \/>\n<meta name=\"twitter:label1\" content=\"Arvioitu lukuaika\" \/>\n\t<meta name=\"twitter:data1\" content=\"1 minuutti\" \/>\n<script type=\"application\/ld+json\" class=\"yoast-schema-graph\">{\"@context\":\"https:\/\/schema.org\",\"@graph\":[{\"@type\":\"WebPage\",\"@id\":\"https:\/\/laakiksenspeksi.fi\/matakuu\/yhteystiedot\/\",\"url\":\"https:\/\/laakiksenspeksi.fi\/matakuu\/yhteystiedot\/\",\"name\":\"Yhteystiedot - M\u00e4t\u00e4kuun aikaan\",\"isPartOf\":{\"@id\":\"https:\/\/laakiksenspeksi.fi\/matakuu\/#website\"},\"datePublished\":\"2022-10-29T11:22:10+00:00\",\"dateModified\":\"2026-01-29T18:14:39+00:00\",\"breadcrumb\":{\"@id\":\"https:\/\/laakiksenspeksi.fi\/matakuu\/yhteystiedot\/#breadcrumb\"},\"inLanguage\":\"fi\",\"potentialAction\":[{\"@type\":\"ReadAction\",\"target\":[\"https:\/\/laakiksenspeksi.fi\/matakuu\/yhteystiedot\/\"]}]},{\"@type\":\"BreadcrumbList\",\"@id\":\"https:\/\/laakiksenspeksi.fi\/matakuu\/yhteystiedot\/#breadcrumb\",\"itemListElement\":[{\"@type\":\"ListItem\",\"position\":1,\"name\":\"Etusivu\",\"item\":\"https:\/\/laakiksenspeksi.fi\/matakuu\/\"},{\"@type\":\"ListItem\",\"position\":2,\"name\":\"Yhteystiedot\"}]},{\"@type\":\"WebSite\",\"@id\":\"https:\/\/laakiksenspeksi.fi\/matakuu\/#website\",\"url\":\"https:\/\/laakiksenspeksi.fi\/matakuu\/\",\"name\":\"M\u00e4t\u00e4kuun aikaan\",\"description\":\"Helsingin L\u00e4\u00e4kiksen Speksi 2026 - M\u00e4t\u00e4kuun aikaan\",\"potentialAction\":[{\"@type\":\"SearchAction\",\"target\":{\"@type\":\"EntryPoint\",\"urlTemplate\":\"https:\/\/laakiksenspeksi.fi\/matakuu\/?s={search_term_string}\"},\"query-input\":\"required name=search_term_string\"}],\"inLanguage\":\"fi\"}]}<\/script>\n<!-- \/ Yoast SEO plugin. -->","yoast_head_json":{"title":"Yhteystiedot - M\u00e4t\u00e4kuun aikaan","robots":{"index":"index","follow":"follow","max-snippet":"max-snippet:-1","max-image-preview":"max-image-preview:large","max-video-preview":"max-video-preview:-1"},"canonical":"https:\/\/laakiksenspeksi.fi\/matakuu\/yhteystiedot\/","og_locale":"fi_FI","og_type":"article","og_title":"Yhteystiedot - M\u00e4t\u00e4kuun aikaan","og_url":"https:\/\/laakiksenspeksi.fi\/matakuu\/yhteystiedot\/","og_site_name":"M\u00e4t\u00e4kuun aikaan","article_modified_time":"2026-01-29T18:14:39+00:00","twitter_card":"summary_large_image","twitter_misc":{"Arvioitu lukuaika":"1 minuutti"},"schema":{"@context":"https:\/\/schema.org","@graph":[{"@type":"WebPage","@id":"https:\/\/laakiksenspeksi.fi\/matakuu\/yhteystiedot\/","url":"https:\/\/laakiksenspeksi.fi\/matakuu\/yhteystiedot\/","name":"Yhteystiedot - M\u00e4t\u00e4kuun aikaan","isPartOf":{"@id":"https:\/\/laakiksenspeksi.fi\/matakuu\/#website"},"datePublished":"2022-10-29T11:22:10+00:00","dateModified":"2026-01-29T18:14:39+00:00","breadcrumb":{"@id":"https:\/\/laakiksenspeksi.fi\/matakuu\/yhteystiedot\/#breadcrumb"},"inLanguage":"fi","potentialAction":[{"@type":"ReadAction","target":["https:\/\/laakiksenspeksi.fi\/matakuu\/yhteystiedot\/"]}]},{"@type":"BreadcrumbList","@id":"https:\/\/laakiksenspeksi.fi\/matakuu\/yhteystiedot\/#breadcrumb","itemListElement":[{"@type":"ListItem","position":1,"name":"Etusivu","item":"https:\/\/laakiksenspeksi.fi\/matakuu\/"},{"@type":"ListItem","position":2,"name":"Yhteystiedot"}]},{"@type":"WebSite","@id":"https:\/\/laakiksenspeksi.fi\/matakuu\/#website","url":"https:\/\/laakiksenspeksi.fi\/matakuu\/","name":"M\u00e4t\u00e4kuun aikaan","description":"Helsingin L\u00e4\u00e4kiksen Speksi 2026 - M\u00e4t\u00e4kuun aikaan","potentialAction":[{"@type":"SearchAction","target":{"@type":"EntryPoint","urlTemplate":"https:\/\/laakiksenspeksi.fi\/matakuu\/?s={search_term_string}"},"query-input":"required name=search_term_string"}],"inLanguage":"fi"}]}},"_links":{"self":[{"href":"https:\/\/laakiksenspeksi.fi\/matakuu\/wp-json\/wp\/v2\/pages\/221"}],"collection":[{"href":"https:\/\/laakiksenspeksi.fi\/matakuu\/wp-json\/wp\/v2\/pages"}],"about":[{"href":"https:\/\/laakiksenspeksi.fi\/matakuu\/wp-json\/wp\/v2\/types\/page"}],"author":[{"embeddable":true,"href":"https:\/\/laakiksenspeksi.fi\/matakuu\/wp-json\/wp\/v2\/users\/5"}],"replies":[{"embeddable":true,"href":"https:\/\/laakiksenspeksi.fi\/matakuu\/wp-json\/wp\/v2\/comments?post=221"}],"version-history":[{"count":48,"href":"https:\/\/laakiksenspeksi.fi\/matakuu\/wp-json\/wp\/v2\/pages\/221\/revisions"}],"predecessor-version":[{"id":1138,"href":"https:\/\/laakiksenspeksi.fi\/matakuu\/wp-json\/wp\/v2\/pages\/221\/revisions\/1138"}],"wp:attachment":[{"href":"https:\/\/laakiksenspeksi.fi\/matakuu\/wp-json\/wp\/v2\/media?parent=221"}],"curies":[{"name":"wp","href":"https:\/\/api.w.org\/{rel}","templated":true}]}}