{"id":1508,"date":"2022-03-29T15:04:54","date_gmt":"2022-03-29T12:04:54","guid":{"rendered":"https:\/\/laakiksenspeksi.fi\/speksi1\/?page_id=1508"},"modified":"2025-09-30T03:09:17","modified_gmt":"2025-09-30T00:09:17","slug":"ymparisto-ja-yhdenvertaisuusvastaava","status":"publish","type":"page","link":"https:\/\/laakiksenspeksi.fi\/speksi\/ymparisto-ja-yhdenvertaisuusvastaava\/","title":{"rendered":"Ymp\u00e4rist\u00f6- ja Yhdenvertaisuusvastaava"},"content":{"rendered":"\n<p><span style=\"font-size: 14pt;\">Ymp\u00e4rist\u00f6vastaava: Julia Ilmo<\/span><\/p>\n<p><span style=\"font-size: 14pt;\">Yhdenvertaisuusvastaavat: Aleksi Moisio<\/span><\/p>\n<p>\u00a0<\/p>\n<p>H\u00e4irint\u00e4lomake Helsingin L\u00e4\u00e4kiksen Speksi ry:n j\u00e4senille:<br \/><a href=\"https:\/\/docs.google.com\/forms\/d\/e\/1FAIpQLSeXKPCJ0Zvkikuk1Tp48Qrv5cglP3VS3PuoAOCxuU3572deGw\/viewform\">Ota yhteytt\u00e4 yhdenvertaisuusvastaavaan!<\/a><\/p>\n","protected":false},"excerpt":{"rendered":"<p>Ymp\u00e4rist\u00f6vastaava: Julia Ilmo Yhdenvertaisuusvastaavat: Aleksi Moisio \u00a0 H\u00e4irint\u00e4lomake Helsingin L\u00e4\u00e4kiksen Speksi ry:n j\u00e4senille:Ota yhteytt\u00e4 yhdenvertaisuusvastaavaan!<\/p>\n","protected":false},"author":5,"featured_media":0,"parent":0,"menu_order":0,"comment_status":"closed","ping_status":"closed","template":"","meta":{"_mi_skip_tracking":false,"_ti_tpc_template_sync":false,"_ti_tpc_template_id":"","footnotes":""},"aioseo_notices":[],"yoast_head":"<!-- This site is optimized with the Yoast SEO plugin v19.13 - https:\/\/yoast.com\/wordpress\/plugins\/seo\/ -->\n<title>Ymp\u00e4rist\u00f6- ja Yhdenvertaisuusvastaava - Helsingin L\u00e4\u00e4kiksen Speksi<\/title>\n<meta name=\"robots\" content=\"index, follow, max-snippet:-1, max-image-preview:large, max-video-preview:-1\" \/>\n<link rel=\"canonical\" href=\"https:\/\/laakiksenspeksi.fi\/speksi\/ymparisto-ja-yhdenvertaisuusvastaava\/\" \/>\n<meta property=\"og:locale\" content=\"fi_FI\" \/>\n<meta property=\"og:type\" content=\"article\" \/>\n<meta property=\"og:title\" content=\"Ymp\u00e4rist\u00f6- ja Yhdenvertaisuusvastaava - Helsingin L\u00e4\u00e4kiksen Speksi\" \/>\n<meta property=\"og:description\" content=\"Ymp\u00e4rist\u00f6vastaava: Julia Ilmo Yhdenvertaisuusvastaavat: Aleksi Moisio \u00a0 H\u00e4irint\u00e4lomake Helsingin L\u00e4\u00e4kiksen Speksi ry:n j\u00e4senille:Ota yhteytt\u00e4 yhdenvertaisuusvastaavaan!\" \/>\n<meta property=\"og:url\" content=\"https:\/\/laakiksenspeksi.fi\/speksi\/ymparisto-ja-yhdenvertaisuusvastaava\/\" \/>\n<meta property=\"og:site_name\" content=\"Helsingin L\u00e4\u00e4kiksen Speksi\" \/>\n<meta property=\"article:modified_time\" content=\"2025-09-30T00:09:17+00:00\" \/>\n<meta name=\"twitter:card\" content=\"summary_large_image\" \/>\n<script type=\"application\/ld+json\" class=\"yoast-schema-graph\">{\"@context\":\"https:\/\/schema.org\",\"@graph\":[{\"@type\":\"WebPage\",\"@id\":\"https:\/\/laakiksenspeksi.fi\/speksi\/ymparisto-ja-yhdenvertaisuusvastaava\/\",\"url\":\"https:\/\/laakiksenspeksi.fi\/speksi\/ymparisto-ja-yhdenvertaisuusvastaava\/\",\"name\":\"Ymp\u00e4rist\u00f6- ja Yhdenvertaisuusvastaava - Helsingin L\u00e4\u00e4kiksen Speksi\",\"isPartOf\":{\"@id\":\"https:\/\/laakiksenspeksi.fi\/speksi\/#website\"},\"datePublished\":\"2022-03-29T12:04:54+00:00\",\"dateModified\":\"2025-09-30T00:09:17+00:00\",\"breadcrumb\":{\"@id\":\"https:\/\/laakiksenspeksi.fi\/speksi\/ymparisto-ja-yhdenvertaisuusvastaava\/#breadcrumb\"},\"inLanguage\":\"fi\",\"potentialAction\":[{\"@type\":\"ReadAction\",\"target\":[\"https:\/\/laakiksenspeksi.fi\/speksi\/ymparisto-ja-yhdenvertaisuusvastaava\/\"]}]},{\"@type\":\"BreadcrumbList\",\"@id\":\"https:\/\/laakiksenspeksi.fi\/speksi\/ymparisto-ja-yhdenvertaisuusvastaava\/#breadcrumb\",\"itemListElement\":[{\"@type\":\"ListItem\",\"position\":1,\"name\":\"Home\",\"item\":\"https:\/\/laakiksenspeksi.fi\/speksi\/\"},{\"@type\":\"ListItem\",\"position\":2,\"name\":\"Ymp\u00e4rist\u00f6- ja Yhdenvertaisuusvastaava\"}]},{\"@type\":\"WebSite\",\"@id\":\"https:\/\/laakiksenspeksi.fi\/speksi\/#website\",\"url\":\"https:\/\/laakiksenspeksi.fi\/speksi\/\",\"name\":\"Helsingin L\u00e4\u00e4kiksen Speksi\",\"description\":\"\",\"publisher\":{\"@id\":\"https:\/\/laakiksenspeksi.fi\/speksi\/#organization\"},\"potentialAction\":[{\"@type\":\"SearchAction\",\"target\":{\"@type\":\"EntryPoint\",\"urlTemplate\":\"https:\/\/laakiksenspeksi.fi\/speksi\/?s={search_term_string}\"},\"query-input\":\"required name=search_term_string\"}],\"inLanguage\":\"fi\"},{\"@type\":\"Organization\",\"@id\":\"https:\/\/laakiksenspeksi.fi\/speksi\/#organization\",\"name\":\"Helsingin L\u00e4\u00e4kiksen Speksi\",\"url\":\"https:\/\/laakiksenspeksi.fi\/speksi\/\",\"logo\":{\"@type\":\"ImageObject\",\"inLanguage\":\"fi\",\"@id\":\"https:\/\/laakiksenspeksi.fi\/speksi\/#\/schema\/logo\/image\/\",\"url\":\"https:\/\/laakiksenspeksi.fi\/speksi\/wp-content\/uploads\/sites\/15\/2022\/04\/cropped-kropattulintu.png\",\"contentUrl\":\"https:\/\/laakiksenspeksi.fi\/speksi\/wp-content\/uploads\/sites\/15\/2022\/04\/cropped-kropattulintu.png\",\"width\":542,\"height\":472,\"caption\":\"Helsingin L\u00e4\u00e4kiksen Speksi\"},\"image\":{\"@id\":\"https:\/\/laakiksenspeksi.fi\/speksi\/#\/schema\/logo\/image\/\"}}]}<\/script>\n<!-- \/ Yoast SEO plugin. -->","yoast_head_json":{"title":"Ymp\u00e4rist\u00f6- ja Yhdenvertaisuusvastaava - Helsingin L\u00e4\u00e4kiksen Speksi","robots":{"index":"index","follow":"follow","max-snippet":"max-snippet:-1","max-image-preview":"max-image-preview:large","max-video-preview":"max-video-preview:-1"},"canonical":"https:\/\/laakiksenspeksi.fi\/speksi\/ymparisto-ja-yhdenvertaisuusvastaava\/","og_locale":"fi_FI","og_type":"article","og_title":"Ymp\u00e4rist\u00f6- ja Yhdenvertaisuusvastaava - Helsingin L\u00e4\u00e4kiksen Speksi","og_description":"Ymp\u00e4rist\u00f6vastaava: Julia Ilmo Yhdenvertaisuusvastaavat: Aleksi Moisio \u00a0 H\u00e4irint\u00e4lomake Helsingin L\u00e4\u00e4kiksen Speksi ry:n j\u00e4senille:Ota yhteytt\u00e4 yhdenvertaisuusvastaavaan!","og_url":"https:\/\/laakiksenspeksi.fi\/speksi\/ymparisto-ja-yhdenvertaisuusvastaava\/","og_site_name":"Helsingin L\u00e4\u00e4kiksen Speksi","article_modified_time":"2025-09-30T00:09:17+00:00","twitter_card":"summary_large_image","schema":{"@context":"https:\/\/schema.org","@graph":[{"@type":"WebPage","@id":"https:\/\/laakiksenspeksi.fi\/speksi\/ymparisto-ja-yhdenvertaisuusvastaava\/","url":"https:\/\/laakiksenspeksi.fi\/speksi\/ymparisto-ja-yhdenvertaisuusvastaava\/","name":"Ymp\u00e4rist\u00f6- ja Yhdenvertaisuusvastaava - Helsingin L\u00e4\u00e4kiksen Speksi","isPartOf":{"@id":"https:\/\/laakiksenspeksi.fi\/speksi\/#website"},"datePublished":"2022-03-29T12:04:54+00:00","dateModified":"2025-09-30T00:09:17+00:00","breadcrumb":{"@id":"https:\/\/laakiksenspeksi.fi\/speksi\/ymparisto-ja-yhdenvertaisuusvastaava\/#breadcrumb"},"inLanguage":"fi","potentialAction":[{"@type":"ReadAction","target":["https:\/\/laakiksenspeksi.fi\/speksi\/ymparisto-ja-yhdenvertaisuusvastaava\/"]}]},{"@type":"BreadcrumbList","@id":"https:\/\/laakiksenspeksi.fi\/speksi\/ymparisto-ja-yhdenvertaisuusvastaava\/#breadcrumb","itemListElement":[{"@type":"ListItem","position":1,"name":"Home","item":"https:\/\/laakiksenspeksi.fi\/speksi\/"},{"@type":"ListItem","position":2,"name":"Ymp\u00e4rist\u00f6- ja Yhdenvertaisuusvastaava"}]},{"@type":"WebSite","@id":"https:\/\/laakiksenspeksi.fi\/speksi\/#website","url":"https:\/\/laakiksenspeksi.fi\/speksi\/","name":"Helsingin L\u00e4\u00e4kiksen Speksi","description":"","publisher":{"@id":"https:\/\/laakiksenspeksi.fi\/speksi\/#organization"},"potentialAction":[{"@type":"SearchAction","target":{"@type":"EntryPoint","urlTemplate":"https:\/\/laakiksenspeksi.fi\/speksi\/?s={search_term_string}"},"query-input":"required name=search_term_string"}],"inLanguage":"fi"},{"@type":"Organization","@id":"https:\/\/laakiksenspeksi.fi\/speksi\/#organization","name":"Helsingin L\u00e4\u00e4kiksen Speksi","url":"https:\/\/laakiksenspeksi.fi\/speksi\/","logo":{"@type":"ImageObject","inLanguage":"fi","@id":"https:\/\/laakiksenspeksi.fi\/speksi\/#\/schema\/logo\/image\/","url":"https:\/\/laakiksenspeksi.fi\/speksi\/wp-content\/uploads\/sites\/15\/2022\/04\/cropped-kropattulintu.png","contentUrl":"https:\/\/laakiksenspeksi.fi\/speksi\/wp-content\/uploads\/sites\/15\/2022\/04\/cropped-kropattulintu.png","width":542,"height":472,"caption":"Helsingin L\u00e4\u00e4kiksen Speksi"},"image":{"@id":"https:\/\/laakiksenspeksi.fi\/speksi\/#\/schema\/logo\/image\/"}}]}},"_links":{"self":[{"href":"https:\/\/laakiksenspeksi.fi\/speksi\/wp-json\/wp\/v2\/pages\/1508"}],"collection":[{"href":"https:\/\/laakiksenspeksi.fi\/speksi\/wp-json\/wp\/v2\/pages"}],"about":[{"href":"https:\/\/laakiksenspeksi.fi\/speksi\/wp-json\/wp\/v2\/types\/page"}],"author":[{"embeddable":true,"href":"https:\/\/laakiksenspeksi.fi\/speksi\/wp-json\/wp\/v2\/users\/5"}],"replies":[{"embeddable":true,"href":"https:\/\/laakiksenspeksi.fi\/speksi\/wp-json\/wp\/v2\/comments?post=1508"}],"version-history":[{"count":8,"href":"https:\/\/laakiksenspeksi.fi\/speksi\/wp-json\/wp\/v2\/pages\/1508\/revisions"}],"predecessor-version":[{"id":1875,"href":"https:\/\/laakiksenspeksi.fi\/speksi\/wp-json\/wp\/v2\/pages\/1508\/revisions\/1875"}],"wp:attachment":[{"href":"https:\/\/laakiksenspeksi.fi\/speksi\/wp-json\/wp\/v2\/media?parent=1508"}],"curies":[{"name":"wp","href":"https:\/\/api.w.org\/{rel}","templated":true}]}}

Ympäristö- ja Yhdenvertaisuusvastaava

<p><span style="font-size: 14pt;">Ympäristövastaava: Julia Ilmo</span></p>
<p><span style="font-size: 14pt;">Yhdenvertaisuusvastaavat: Aleksi Moisio</span></p>
<p> </p>
<p>Häirintälomake Helsingin Lääkiksen Speksi ry:n jäsenille:<br /><a href="https://docs.google.com/forms/d/e/1FAIpQLSeXKPCJ0Zvkikuk1Tp48Qrv5cglP3VS3PuoAOCxuU3572deGw/viewform">Ota yhteyttä yhdenvertaisuusvastaavaan!</a></p>

<p>Ympäristövastaava: Julia Ilmo Yhdenvertaisuusvastaavat: Aleksi Moisio   Häirintälomake Helsingin Lääkiksen Speksi ry:n jäsenille:Ota yhteyttä yhdenvertaisuusvastaavaan!</p>

<!-- This site is optimized with the Yoast SEO plugin v19.13 - https://yoast.com/wordpress/plugins/seo/ -->
<title>Ympäristö- ja Yhdenvertaisuusvastaava - Helsingin Lääkiksen Speksi</title>
<meta name="robots" content="index, follow, max-snippet:-1, max-image-preview:large, max-video-preview:-1" />
<link rel="canonical" href="https://laakiksenspeksi.fi/speksi/ymparisto-ja-yhdenvertaisuusvastaava/" />
<meta property="og:locale" content="fi_FI" />
<meta property="og:type" content="article" />
<meta property="og:title" content="Ympäristö- ja Yhdenvertaisuusvastaava - Helsingin Lääkiksen Speksi" />
<meta property="og:description" content="Ympäristövastaava: Julia Ilmo Yhdenvertaisuusvastaavat: Aleksi Moisio   Häirintälomake Helsingin Lääkiksen Speksi ry:n jäsenille:Ota yhteyttä yhdenvertaisuusvastaavaan!" />
<meta property="og:url" content="https://laakiksenspeksi.fi/speksi/ymparisto-ja-yhdenvertaisuusvastaava/" />
<meta property="og:site_name" content="Helsingin Lääkiksen Speksi" />
<meta property="article:modified_time" content="2025-09-30T00:09:17+00:00" />
<meta name="twitter:card" content="summary_large_image" />
<script type="application/ld+json" class="yoast-schema-graph">{"@context":"https://schema.org","@graph":[{"@type":"WebPage","@id":"https://laakiksenspeksi.fi/speksi/ymparisto-ja-yhdenvertaisuusvastaava/","url":"https://laakiksenspeksi.fi/speksi/ymparisto-ja-yhdenvertaisuusvastaava/","name":"Ympäristö- ja Yhdenvertaisuusvastaava - Helsingin Lääkiksen Speksi","isPartOf":{"@id":"https://laakiksenspeksi.fi/speksi/#website"},"datePublished":"2022-03-29T12:04:54+00:00","dateModified":"2025-09-30T00:09:17+00:00","breadcrumb":{"@id":"https://laakiksenspeksi.fi/speksi/ymparisto-ja-yhdenvertaisuusvastaava/#breadcrumb"},"inLanguage":"fi","potentialAction":[{"@type":"ReadAction","target":["https://laakiksenspeksi.fi/speksi/ymparisto-ja-yhdenvertaisuusvastaava/"]}]},{"@type":"BreadcrumbList","@id":"https://laakiksenspeksi.fi/speksi/ymparisto-ja-yhdenvertaisuusvastaava/#breadcrumb","itemListElement":[{"@type":"ListItem","position":1,"name":"Home","item":"https://laakiksenspeksi.fi/speksi/"},{"@type":"ListItem","position":2,"name":"Ympäristö- ja Yhdenvertaisuusvastaava"}]},{"@type":"WebSite","@id":"https://laakiksenspeksi.fi/speksi/#website","url":"https://laakiksenspeksi.fi/speksi/","name":"Helsingin Lääkiksen Speksi","description":"","publisher":{"@id":"https://laakiksenspeksi.fi/speksi/#organization"},"potentialAction":[{"@type":"SearchAction","target":{"@type":"EntryPoint","urlTemplate":"https://laakiksenspeksi.fi/speksi/?s={search_term_string}"},"query-input":"required name=search_term_string"}],"inLanguage":"fi"},{"@type":"Organization","@id":"https://laakiksenspeksi.fi/speksi/#organization","name":"Helsingin Lääkiksen Speksi","url":"https://laakiksenspeksi.fi/speksi/","logo":{"@type":"ImageObject","inLanguage":"fi","@id":"https://laakiksenspeksi.fi/speksi/#/schema/logo/image/","url":"https://laakiksenspeksi.fi/speksi/wp-content/uploads/sites/15/2022/04/cropped-kropattulintu.png","contentUrl":"https://laakiksenspeksi.fi/speksi/wp-content/uploads/sites/15/2022/04/cropped-kropattulintu.png","width":542,"height":472,"caption":"Helsingin Lääkiksen Speksi"},"image":{"@id":"https://laakiksenspeksi.fi/speksi/#/schema/logo/image/"}}]}</script>
<!-- / Yoast SEO plugin. -->

Ympäristö- ja Yhdenvertaisuusvastaava - Helsingin Lääkiksen Speksi

Ympäristövastaava: Julia Ilmo Yhdenvertaisuusvastaavat: Aleksi Moisio   Häirintälomake Helsingin Lääkiksen Speksi ry:n jäsenille:Ota yhteyttä yhdenvertaisuusvastaavaan!

Helsingin Lääkiksen Speksi
