{"id":697,"date":"2018-10-14T13:35:57","date_gmt":"2018-10-14T10:35:57","guid":{"rendered":"https:\/\/laakiksenspeksi.fi\/speksi1\/?page_id=697"},"modified":"2018-11-16T23:19:34","modified_gmt":"2018-11-16T21:19:34","slug":"mediakortti-2","status":"publish","type":"page","link":"https:\/\/laakiksenspeksi.fi\/speksi\/mediakortti-2\/","title":{"rendered":"Mediakorttisivu"},"content":{"rendered":"<div id=\"pl-697\"  class=\"panel-layout\" ><div id=\"pg-697-0\"  class=\"panel-grid panel-no-style\" ><div id=\"pgc-697-0-0\"  class=\"panel-grid-cell\" ><div id=\"panel-697-0-0-0\" class=\"so-panel widget_sow-editor panel-first-child panel-last-child\" data-index=\"0\" ><div\n\t\t\t\n\t\t\tclass=\"so-widget-sow-editor so-widget-sow-editor-base\"\n\t\t\t\n\t\t>\n<div class=\"siteorigin-widget-tinymce textwidget\">\n\t<p><a href=\"https:\/\/laakiksenspeksi.fi\/speksi1\/wp-content\/uploads\/sites\/15\/2018\/11\/mediakortti_korjattu.pdf\">MEDIAKORTTI PDF-TIEDOSTONA<\/a><\/p>\n<\/div>\n<\/div><\/div><\/div><\/div><div id=\"pg-697-1\"  class=\"panel-grid panel-no-style\" ><div id=\"pgc-697-1-0\"  class=\"panel-grid-cell\" ><div id=\"panel-697-1-0-0\" class=\"so-panel widget_sow-editor panel-first-child panel-last-child\" data-index=\"1\" ><div class=\"panel-widget-style panel-widget-style-for-697-1-0-0\" ><div\n\t\t\t\n\t\t\tclass=\"so-widget-sow-editor so-widget-sow-editor-base\"\n\t\t\t\n\t\t>\n<div class=\"siteorigin-widget-tinymce textwidget\">\n\t<div class=\"page\" title=\"Page 1\">\n<div class=\"layoutArea\">\n<div class=\"column\">\n<p><span style=\"font-size: 14pt;\">L\u00e4\u00e4kiksen speksi on el\u00e4mys. Se tulvii yli lavan reunan peitt\u00e4en alleen katsojansa ja her\u00e4tt\u00e4\u00e4 yhdess\u00e4 tekemisen riemua, intoa ja nuoruuden hulluutta.\u00a0Olemme kasvaneet yhdeksi Suomen suurimmista ja kovatasoisimmista amat\u00f6\u00f6riteattereista. L\u00e4hes sadan vapaaehtoisen tiedekuntamme opiskelijan voimin toteutettu produktio tavoittaa kev\u00e4\u00e4ll\u00e4 2019 yli 3000 katsojaa ymp\u00e4ri Suomea.<\/span><\/p>\n<p><span style=\"font-size: 14pt;\">Yritykselle speksi tarjoaa kaikista muista vaihtoehdoista poikkeavan tavan mainontaan.\u00a0Helsingin L\u00e4\u00e4kiksen Speksin yhteydess\u00e4 yrityksesi n\u00e4ytt\u00e4ytyy vahvana iloisen, ainutlaatuisen ja suurella syd\u00e4mell\u00e4 tehdyn opiskelijaproduktion tukijana. Katsojakuntamme pit\u00e4\u00e4 sis\u00e4ll\u00e4\u00e4n opiskelijoiden lis\u00e4ksi l\u00e4\u00e4ketieteen alojen ammattilaisia, kuten p\u00e4\u00e4tt\u00e4viss\u00e4 asemissa olevia professoreita ja ylil\u00e4\u00e4k\u00e4reit\u00e4, jotka tiet\u00e4v\u00e4t miten paljon ty\u00f6t\u00e4 speksin takana on. Itse speksaajat ovat tulevaisuuden l\u00e4\u00e4k\u00e4reit\u00e4, hammasl\u00e4\u00e4k\u00e4reit\u00e4, psykologeja ja logopedej\u00e4 ja tulevat muistamaan l\u00e4mm\u00f6ll\u00e4 speksin tukijoita.<br \/><\/span><\/p>\n<p><span style=\"font-size: 14pt;\">T\u00e4n\u00e4 vuonna 32. kertaa j\u00e4rjestett\u00e4v\u00e4ss\u00e4 speksiss\u00e4 menneisyyden haavat aukeavat toisistaan erkaantuneiden sukulaisten kokoontuessa vanhaan huvipuistoon 1950-luvun Englannissa.<\/span><\/p>\n<p><span style=\"font-size: 14pt;\">Alla esittelemme lyhyesti, miten juuri sinun yrityksesi voi mainostaa ja saada n\u00e4kyvyytt\u00e4 vuoden 2019 speksiss\u00e4.<\/span><\/p>\n<\/div>\n<\/div>\n<\/div>\n<\/div>\n<\/div><\/div><\/div><\/div><\/div><div id=\"pg-697-2\"  class=\"panel-grid panel-no-style\" ><div id=\"pgc-697-2-0\"  class=\"panel-grid-cell panel-grid-cell-mobile-last\" ><div id=\"panel-697-2-0-0\" class=\"so-panel widget_sow-editor panel-first-child panel-last-child\" data-index=\"2\" ><div\n\t\t\t\n\t\t\tclass=\"so-widget-sow-editor so-widget-sow-editor-base\"\n\t\t\t\n\t\t>\n<div class=\"siteorigin-widget-tinymce textwidget\">\n\t<h3>N\u00c4YT\u00d6KSET<\/h3>\n<h4><span style=\"font-size: 14pt;\">Helsingin n\u00e4yt\u00f6kset\u00a0<\/span><span style=\"font-size: 14pt;\">Peacock-teatterissa<\/span><br \/><span style=\"font-size: 14pt;\">(Tivolikuja 1, Helsinki)<\/span><\/h4>\n<\/div>\n<\/div><\/div><\/div><div id=\"pgc-697-2-1\"  class=\"panel-grid-cell panel-grid-cell-empty\" ><\/div><\/div><div id=\"pg-697-3\"  class=\"panel-grid panel-no-style\" ><div id=\"pgc-697-3-0\"  class=\"panel-grid-cell panel-grid-cell-mobile-last\" ><div class=\"panel-cell-style panel-cell-style-for-697-3-0\" ><div id=\"panel-697-3-0-0\" class=\"so-panel widget_sow-editor panel-first-child panel-last-child\" data-index=\"3\" ><div class=\"panel-widget-style panel-widget-style-for-697-3-0-0\" ><div\n\t\t\t\n\t\t\tclass=\"so-widget-sow-editor so-widget-sow-editor-base\"\n\t\t\t\n\t\t>\n<div class=\"siteorigin-widget-tinymce textwidget\">\n\t<div class=\"page\" title=\"Page 1\">\n<div class=\"layoutArea\">\n<div class=\"column\">\n<p><strong><span style=\"font-size: 14pt;\"><strong>Ensi-ilta 30.3.<\/strong><\/span><\/strong><br \/><strong><span style=\"font-size: 14pt;\"><strong>II n\u00e4yt\u00f6s 3.4.<\/strong><\/span><\/strong><br \/><strong><span style=\"font-size: 14pt;\"><strong>III n\u00e4yt\u00f6s 5.4.<\/strong><\/span><\/strong><br \/><strong><span style=\"font-size: 14pt;\"><strong>IV n\u00e4yt\u00f6s 6.4.<\/strong><\/span><\/strong><\/p>\n<h4><span style=\"font-size: 14pt;\"><strong>Kiertue\u00a012.4. \u2013 16.4.<\/strong><br \/><\/span><span style=\"font-size: 14pt;\">Kuopio \u2013 Oulu \u2013 Tampere \u2013 Turku<\/span><\/h4>\n<h4><span style=\"font-size: 14pt;\"><strong>Tartto 4.5.<\/strong><\/span><\/h4>\n<\/div>\n<\/div>\n<\/div>\n<\/div>\n<\/div><\/div><\/div><\/div><\/div><div id=\"pgc-697-3-1\"  class=\"panel-grid-cell panel-grid-cell-empty\" ><\/div><\/div><div id=\"pg-697-4\"  class=\"panel-grid panel-has-style\" ><div class=\"panel-row-style panel-row-style-for-697-4\" ><div id=\"pgc-697-4-0\"  class=\"panel-grid-cell\" ><div id=\"panel-697-4-0-0\" class=\"so-panel widget_sow-editor panel-first-child panel-last-child\" data-index=\"4\" ><div class=\"panel-widget-style panel-widget-style-for-697-4-0-0\" ><div\n\t\t\t\n\t\t\tclass=\"so-widget-sow-editor so-widget-sow-editor-base\"\n\t\t\t\n\t\t>\n<div class=\"siteorigin-widget-tinymce textwidget\">\n\t<p><span style=\"font-size: 18pt;\"><strong>PUHUTTU MAINOS<\/strong><\/span><\/p>\n<p><span style=\"font-size: 14pt;\">\u201d[Psykoanalyysin nimeen vannova psykiatri l\u00f6yt\u00e4\u00e4 hyllyst\u00e4 kirjan] Ach so, Kandidaattikustannuksen Ortopedia! T\u00e4m\u00e4 on kirjoitettu niin hyvin, ett\u00e4 psykiatrikin ymm\u00e4rt\u00e4\u00e4!\u201d<\/span><\/p>\n<p><span style=\"font-size: 14pt;\"><strong>Puhuttu mainos<\/strong> on yrityksesi lyhyt viesti, jonka n\u00e4yttelij\u00e4t esitt\u00e4v\u00e4t ik\u00e4\u00e4n kuin osana n\u00e4ytelm\u00e4n tapahtumia. N\u00e4it\u00e4 mahtuu speksiin vain muutama, joten varaa omasi nopeasti!<\/span><\/p>\n<p><span style=\"font-size: 18pt;\"><strong>VIDEOMAINOS<\/strong><\/span><\/p>\n<p><span style=\"font-size: 14pt;\">Mainostajan toimittama <strong>videomainos<\/strong> esitet\u00e4\u00e4n v\u00e4litt\u00f6m\u00e4sti ennen esityksen alkua tai puoliajan j\u00e4lkeen juuri ennen toista n\u00e4yt\u00f6st\u00e4, kun pimeys on laskeutunut ja katsojien huomio on herkimmill\u00e4\u00e4n.<\/span><\/p>\n<p><span style=\"font-size: 18pt;\"><strong>HEIJASTETTU MAINOS<\/strong><\/span><\/p>\n<p><span style=\"font-size: 14pt;\">Katsojien odottaessa speksin alkua ennen n\u00e4yt\u00f6st\u00e4 ja v\u00e4liajalla <strong>heijastetaan katsomon sein\u00e4lle<\/strong> videotykill\u00e4 kiinnostavia\u00a0kuvia vanhoista spekseist\u00e4. Valokuvien v\u00e4liss\u00e4 heijastetaan t\u00e4lle aitiopaikalle my\u00f6s yhteisty\u00f6kumppaneiden logoja ja mainoksia.<\/span><\/p>\n<\/div>\n<\/div><\/div><\/div><\/div><div id=\"pgc-697-4-1\"  class=\"panel-grid-cell\" ><div id=\"panel-697-4-1-0\" class=\"so-panel widget_sow-editor panel-first-child panel-last-child\" data-index=\"5\" ><div\n\t\t\t\n\t\t\tclass=\"so-widget-sow-editor so-widget-sow-editor-base\"\n\t\t\t\n\t\t>\n<div class=\"siteorigin-widget-tinymce textwidget\">\n\t<h3><span style=\"font-size: 18pt;\"><strong>PAINETUT MAINOKSET<\/strong><\/span><\/h3>\n<p><span style=\"font-size: 14pt;\"><strong>K\u00e4siohjelma<\/strong> on mainio tapa tavoittaa katsojat. Se jaetaan jokaiselle penkille ennen esityst\u00e4 ja vied\u00e4\u00e4n muistoksi kotiin. K\u00e4siohjelmassa voit mainostaa <strong>koko sivun, puolen sivun tai takakannen<\/strong> v\u00e4rillisell\u00e4 mainoksella.<\/span><\/p>\n<p><span style=\"font-size: 14pt;\">Speksin <strong>julisteet<\/strong> jaetaan hyviss\u00e4 ajoin ymp\u00e4ri yliopistokampuksia, sairaaloita ja kiertuekaupunkeja. Julisteeseen liitetty yrityksesi logo j\u00e4\u00e4 katsojan mieleen speksin tukijana.<\/span><\/p>\n<h3><span style=\"font-size: 18pt;\"><strong>SOMEMAINOS<\/strong><\/span><\/h3>\n<p><span style=\"font-size: 14pt;\">Sosiaalinen media on speksin aktiivisin tiedotus- ja mainostusv\u00e4yl\u00e4. <strong>Somemainos<\/strong> on yhdess\u00e4 mainostajan kanssa suunniteltu julkaisu speksin Facebook- ja Instagram-tileill\u00e4. Mainossis\u00e4lt\u00f6 voi liitty\u00e4 esimerkiksi speksin harjoituksiin tai hahmoihin. Keinona voidaan k\u00e4ytt\u00e4\u00e4 logoja, yhteisty\u00f6ilmoitusta tai tuotesijoittelua.<\/span><\/p>\n<\/div>\n<\/div><\/div><\/div><div id=\"pgc-697-4-2\"  class=\"panel-grid-cell\" ><div id=\"panel-697-4-2-0\" class=\"so-panel widget_sow-editor panel-first-child panel-last-child\" data-index=\"6\" ><div\n\t\t\t\n\t\t\tclass=\"so-widget-sow-editor so-widget-sow-editor-base\"\n\t\t\t\n\t\t>\n<div class=\"siteorigin-widget-tinymce textwidget\">\n\t<h3><span style=\"font-size: 18pt;\"><strong>ROLL-UP L\u00c4MPI\u00d6SS\u00c4<\/strong><\/span><\/h3>\n<p><span style=\"font-size: 14pt;\">Ennen esityksen alkua ja v\u00e4liajalla tunnelma Peacock-teatterin l\u00e4mpi\u00f6ss\u00e4 on katossa. Mainostajan toimittama <strong>roll-up<\/strong> varmistaa l\u00e4sn\u00e4olon teatteri-illassa.<\/span><\/p>\n<h3><span style=\"font-size: 18pt;\"><strong>NETTISIVUMAINOS<\/strong><\/span><\/h3>\n<p><span style=\"font-size: 14pt;\">L\u00e4\u00e4kiksen <strong>speksin nettisivut<\/strong> ovat n\u00e4yteikkunamme ja katsojan v\u00e4yl\u00e4 lippukauppaan. Yrityksesi logolla tai mainoksella nettisivuillamme saat laajaa n\u00e4kyvyytt\u00e4 ymp\u00e4ri vuoden.<\/span><\/p>\n<h3><span style=\"font-size: 18pt;\"><strong>ESITTELE YRITYST\u00c4SI SPEKSAAJILLE<\/strong><\/span><\/h3>\n<p><span style=\"font-size: 14pt;\">Speksin kanssa on mahdollista tehd\u00e4 yhteisty\u00f6t\u00e4 my\u00f6s <strong>esittelem\u00e4ll\u00e4 yrityst\u00e4si speksi\u00e4 tekeville opiskelijoille<\/strong>. Projektissa on mukana vuosittain l\u00e4hes sata aktiivista opiskelijaa, joilla on edess\u00e4\u00e4n ura terveydenhuoltoalla.<\/span><\/p>\n<\/div>\n<\/div><\/div><\/div><\/div><\/div><div id=\"pg-697-5\"  class=\"panel-grid panel-has-style\" ><div class=\"panel-row-style panel-row-style-for-697-5\" ><div id=\"pgc-697-5-0\"  class=\"panel-grid-cell\" ><div id=\"panel-697-5-0-0\" class=\"so-panel widget_sow-editor panel-first-child panel-last-child\" data-index=\"7\" ><div\n\t\t\t\n\t\t\tclass=\"so-widget-sow-editor so-widget-sow-editor-base\"\n\t\t\t\n\t\t>\n<div class=\"siteorigin-widget-tinymce textwidget\">\n\t<p style=\"text-align: left;\"><strong><span style=\"font-size: 14pt;\"><strong>SOMEPAKETTI 600\u20ac<\/strong><br \/><\/span><\/strong><span style=\"font-size: 13pt;\">\u2022 Nettisivumainos<br \/><\/span><span style=\"font-size: 13pt;\">\u2022 Kaksi somemainosta<br \/>\u00a0 \u00a0 \u2022 Yksi julkaisu sesongin aikaan helmikuu-huhtikuu<br \/>\u00a0 \u00a0 \u2022 Yksi julkaisu sesongin ulkopuolella<br \/><\/span><span style=\"font-size: 13pt;\">\u2022 Esittely yrityksest\u00e4si speksin nettisivuilla<\/span><\/p>\n<\/div>\n<\/div><\/div><\/div><div id=\"pgc-697-5-1\"  class=\"panel-grid-cell\" ><div id=\"panel-697-5-1-0\" class=\"so-panel widget_sow-editor panel-first-child panel-last-child\" data-index=\"8\" ><div\n\t\t\t\n\t\t\tclass=\"so-widget-sow-editor so-widget-sow-editor-base\"\n\t\t\t\n\t\t>\n<div class=\"siteorigin-widget-tinymce textwidget\">\n\t<p style=\"text-align: left;\"><strong><span style=\"font-size: 14pt;\"><strong>TEATTERIPAKETTI 1600\u20ac<\/strong><br \/><\/span><\/strong><span style=\"font-size: 13pt;\">\u2022 Puhuttu mainos<\/span><br \/><span style=\"font-size: 13pt;\">\u2022 1\/1-sivu k\u00e4siohjelmassa<\/span><br \/><span style=\"font-size: 13pt;\">\u2022 Heijastettu mainos<\/span><br \/><span style=\"font-size: 13pt;\">\u2022 Logo julisteessa<\/span><br \/><span style=\"font-size: 13pt;\">\u2022 Esittely yrityksest\u00e4si speksin nettisivuilla<\/span><\/p>\n<\/div>\n<\/div><\/div><\/div><\/div><\/div><div id=\"pg-697-6\"  class=\"panel-grid panel-has-style\" ><div class=\"panel-row-style panel-row-style-for-697-6\" ><div id=\"pgc-697-6-0\"  class=\"panel-grid-cell\" ><div id=\"panel-697-6-0-0\" class=\"so-panel widget_sow-editor panel-first-child panel-last-child\" data-index=\"9\" ><div class=\"panel-widget-style panel-widget-style-for-697-6-0-0\" ><div\n\t\t\t\n\t\t\tclass=\"so-widget-sow-editor so-widget-sow-editor-base\"\n\t\t\t\n\t\t>\n<div class=\"siteorigin-widget-tinymce textwidget\">\n\t<p style=\"text-align: left;\"><strong><span style=\"font-size: 14pt;\"><strong>1\/1-sivu k\u00e4siohjelmassa<\/strong><\/span><\/strong><br \/><span style=\"font-size: 14pt;\">148 x 210 mm<br \/><\/span><span style=\"font-size: 14pt;\">650 \u20ac<\/span><\/p>\n<p style=\"text-align: left;\"><strong><span style=\"font-size: 14pt;\"><strong>1\/2-sivua k\u00e4siohjelmassa<\/strong><br \/><\/span><\/strong><span style=\"font-size: 14pt;\">vaaka 148 x 105 mm<br \/><\/span><span style=\"font-size: 14pt;\">tai pysty 74 x 210 mm<br \/><\/span><span style=\"font-size: 14pt;\">450 \u20ac<\/span><\/p>\n<p style=\"text-align: left;\"><strong><span style=\"font-size: 14pt;\"><strong>K\u00e4siohjelman takakansi<\/strong><br \/><\/span><\/strong><span style=\"font-size: 14pt;\">900 \u20ac<\/span><\/p>\n<\/div>\n<\/div><\/div><\/div><\/div><div id=\"pgc-697-6-1\"  class=\"panel-grid-cell\" ><div id=\"panel-697-6-1-0\" class=\"so-panel widget_sow-editor panel-first-child panel-last-child\" data-index=\"10\" ><div class=\"panel-widget-style panel-widget-style-for-697-6-1-0\" ><div\n\t\t\t\n\t\t\tclass=\"so-widget-sow-editor so-widget-sow-editor-base\"\n\t\t\t\n\t\t>\n<div class=\"siteorigin-widget-tinymce textwidget\">\n\t<p style=\"text-align: left;\"><span style=\"font-size: 14pt;\"><strong>Logo julisteessa<\/strong><br \/>\n<\/span><span style=\"font-size: 14pt;\">700\u20ac<\/span><\/p>\n<p style=\"text-align: left;\"><strong><span style=\"font-size: 14pt;\"><strong>Kannatusmainos k\u00e4siohjelmassa*<\/strong><br \/>\n<\/span><\/strong><span style=\"font-size: 14pt;\">100 \u20ac<\/span><\/p>\n<p style=\"text-align: left;\"><span style=\"font-size: 14pt;\"><strong>Puhuttu mainos<\/strong><br \/>\n<\/span><span style=\"font-size: 14pt;\">1200\u20ac<\/span><\/p>\n<p style=\"text-align: left;\"><strong><span style=\"font-size: 14pt;\"><strong>Videomainos<\/strong><br \/>\n<\/span><\/strong><span style=\"font-size: 14pt;\">1000\u20ac (max 30s)<\/span><\/p>\n<\/div>\n<\/div><\/div><\/div><\/div><div id=\"pgc-697-6-2\"  class=\"panel-grid-cell\" ><div id=\"panel-697-6-2-0\" class=\"so-panel widget_sow-editor panel-first-child panel-last-child\" data-index=\"11\" ><div\n\t\t\t\n\t\t\tclass=\"so-widget-sow-editor so-widget-sow-editor-base\"\n\t\t\t\n\t\t>\n<div class=\"siteorigin-widget-tinymce textwidget\">\n\t<p style=\"text-align: left;\"><strong><span style=\"font-size: 14pt;\"><strong>Heijastettu mainos<\/strong><br \/>\n<\/span><\/strong><span style=\"font-size: 14pt;\">400\u20ac<\/span><\/p>\n<p style=\"text-align: left;\"><strong><span style=\"font-size: 14pt;\"><strong>Roll-up l\u00e4mpi\u00f6ss\u00e4<\/strong><br \/>\n<\/span><\/strong><span style=\"font-size: 14pt;\">400\u20ac<\/span><\/p>\n<p style=\"text-align: left;\"><strong><span style=\"font-size: 14pt;\"><strong>Nettisivumainos<\/strong><br \/>\n<\/span><\/strong><span style=\"font-size: 14pt;\">400\u20ac<\/span><\/p>\n<p style=\"text-align: left;\"><strong><span style=\"font-size: 14pt;\"><strong>Somemainos<\/strong><br \/>\n<\/span><\/strong><span style=\"font-size: 14pt;\">500\u20ac<\/span><\/p>\n<\/div>\n<\/div><\/div><\/div><\/div><\/div><div id=\"pg-697-7\"  class=\"panel-grid panel-no-style\" ><div id=\"pgc-697-7-0\"  class=\"panel-grid-cell\" ><div id=\"panel-697-7-0-0\" class=\"so-panel widget_sow-editor panel-first-child panel-last-child\" data-index=\"12\" ><div\n\t\t\t\n\t\t\tclass=\"so-widget-sow-editor so-widget-sow-editor-base\"\n\t\t\t\n\t\t>\n<div class=\"siteorigin-widget-tinymce textwidget\">\n\t<p><span style=\"font-size: 18pt;\"><strong>MIT\u00c4 MUUTA?<br \/><\/strong><\/span><span style=\"font-size: 14pt;\">Ota yhteytt\u00e4 meihin, niin voimme r\u00e4\u00e4t\u00e4l\u00f6id\u00e4 juuri sinun yrityksellesi sopivan tavan mainostaa speksiss\u00e4.<\/span><\/p>\n<p><span style=\"font-size: 18pt;\"><strong>AINEISTO<br \/><\/strong><\/span><span style=\"font-size: 14pt;\">Kaikkien mainosten aineisto pyydet\u00e4\u00e4n toimittamaan 31.1.2019 menness\u00e4.\u00a0K\u00e4siohjelman aineistossa leikkausvaran on oltava 3 mm. Kaikki mainokset laskutetaan kev\u00e4\u00e4ll\u00e4 2019.<\/span><\/p>\n<p><span style=\"font-size: 14pt;\">Ole meihin yhteydess\u00e4, mik\u00e4li sinua kiinnostaa yhteisty\u00f6 L\u00e4\u00e4kiksen speksin kanssa!<\/span><\/p>\n<p>\u00a0<\/p>\n<p><strong><span style=\"font-size: 14pt;\"><strong>Yrityssuhdevastaava<\/strong><\/span><\/strong><br \/><span style=\"font-size: 14pt;\">Matias Lehtovirta (matias.lehtovirta@helsinki.fi)<\/span><\/p>\n<p><strong><span style=\"font-size: 14pt;\"><strong>Tuottajat<\/strong><\/span><\/strong><br \/><span style=\"font-size: 14pt;\">Pinja Rantama (pinja.rantama@helsinki.fi)<\/span><br \/><span style=\"font-size: 14pt;\">Jesse P\u00f6ll\u00e4nen (jesse.pollanen@helsinki.fi)<\/span><\/p>\n<p><span style=\"font-size: 14pt;\">Helsingin L\u00e4\u00e4kiksen Speksi ry<\/span><\/p>\n<\/div>\n<\/div><\/div><\/div><\/div><\/div>","protected":false},"excerpt":{"rendered":"<p>MEDIAKORTTI PDF-TIEDOSTONA L\u00e4\u00e4kiksen speksi on el\u00e4mys. Se tulvii yli lavan reunan peitt\u00e4en alleen katsojansa ja her\u00e4tt\u00e4\u00e4 yhdess\u00e4 tekemisen riemua, intoa ja nuoruuden hulluutta.\u00a0Olemme kasvaneet yhdeksi Suomen suurimmista ja kovatasoisimmista amat\u00f6\u00f6riteattereista. L\u00e4hes sadan vapaaehtoisen tiedekuntamme opiskelijan voimin toteutettu produktio tavoittaa kev\u00e4\u00e4ll\u00e4 2019 yli 3000 katsojaa ymp\u00e4ri Suomea. Yritykselle speksi tarjoaa kaikista muista vaihtoehdoista poikkeavan tavan mainontaan.\u00a0Helsingin<\/p>\n<div><a class=\"btn-filled btn\" href=\"https:\/\/laakiksenspeksi.fi\/speksi\/mediakortti-2\/\" title=\"Mediakorttisivu\">Read More<\/a><\/div>\n","protected":false},"author":1,"featured_media":0,"parent":0,"menu_order":0,"comment_status":"closed","ping_status":"closed","template":"","meta":{"_mi_skip_tracking":false,"_ti_tpc_template_sync":false,"_ti_tpc_template_id":"","footnotes":""},"aioseo_notices":[],"yoast_head":"<!-- This site is optimized with the Yoast SEO plugin v19.13 - https:\/\/yoast.com\/wordpress\/plugins\/seo\/ -->\n<title>Mediakorttisivu - Helsingin L\u00e4\u00e4kiksen Speksi<\/title>\n<meta name=\"robots\" content=\"index, follow, max-snippet:-1, max-image-preview:large, max-video-preview:-1\" \/>\n<link rel=\"canonical\" href=\"https:\/\/laakiksenspeksi.fi\/speksi\/mediakortti-2\/\" \/>\n<meta property=\"og:locale\" content=\"fi_FI\" \/>\n<meta property=\"og:type\" content=\"article\" \/>\n<meta property=\"og:title\" content=\"Mediakorttisivu - Helsingin L\u00e4\u00e4kiksen Speksi\" \/>\n<meta property=\"og:description\" content=\"MEDIAKORTTI PDF-TIEDOSTONA L\u00e4\u00e4kiksen speksi on el\u00e4mys. Se tulvii yli lavan reunan peitt\u00e4en alleen katsojansa ja her\u00e4tt\u00e4\u00e4 yhdess\u00e4 tekemisen riemua, intoa ja nuoruuden hulluutta.\u00a0Olemme kasvaneet yhdeksi Suomen suurimmista ja kovatasoisimmista amat\u00f6\u00f6riteattereista. L\u00e4hes sadan vapaaehtoisen tiedekuntamme opiskelijan voimin toteutettu produktio tavoittaa kev\u00e4\u00e4ll\u00e4 2019 yli 3000 katsojaa ymp\u00e4ri Suomea. Yritykselle speksi tarjoaa kaikista muista vaihtoehdoista poikkeavan tavan mainontaan.\u00a0HelsinginRead More\" \/>\n<meta property=\"og:url\" content=\"https:\/\/laakiksenspeksi.fi\/speksi\/mediakortti-2\/\" \/>\n<meta property=\"og:site_name\" content=\"Helsingin L\u00e4\u00e4kiksen Speksi\" \/>\n<meta property=\"article:modified_time\" content=\"2018-11-16T21:19:34+00:00\" \/>\n<meta name=\"twitter:card\" content=\"summary_large_image\" \/>\n<meta name=\"twitter:label1\" content=\"Arvioitu lukuaika\" \/>\n\t<meta name=\"twitter:data1\" content=\"3 minuuttia\" \/>\n<script type=\"application\/ld+json\" class=\"yoast-schema-graph\">{\"@context\":\"https:\/\/schema.org\",\"@graph\":[{\"@type\":\"WebPage\",\"@id\":\"https:\/\/laakiksenspeksi.fi\/speksi\/mediakortti-2\/\",\"url\":\"https:\/\/laakiksenspeksi.fi\/speksi\/mediakortti-2\/\",\"name\":\"Mediakorttisivu - Helsingin L\u00e4\u00e4kiksen Speksi\",\"isPartOf\":{\"@id\":\"https:\/\/laakiksenspeksi.fi\/speksi\/#website\"},\"datePublished\":\"2018-10-14T10:35:57+00:00\",\"dateModified\":\"2018-11-16T21:19:34+00:00\",\"breadcrumb\":{\"@id\":\"https:\/\/laakiksenspeksi.fi\/speksi\/mediakortti-2\/#breadcrumb\"},\"inLanguage\":\"fi\",\"potentialAction\":[{\"@type\":\"ReadAction\",\"target\":[\"https:\/\/laakiksenspeksi.fi\/speksi\/mediakortti-2\/\"]}]},{\"@type\":\"BreadcrumbList\",\"@id\":\"https:\/\/laakiksenspeksi.fi\/speksi\/mediakortti-2\/#breadcrumb\",\"itemListElement\":[{\"@type\":\"ListItem\",\"position\":1,\"name\":\"Home\",\"item\":\"https:\/\/laakiksenspeksi.fi\/speksi\/\"},{\"@type\":\"ListItem\",\"position\":2,\"name\":\"Mediakorttisivu\"}]},{\"@type\":\"WebSite\",\"@id\":\"https:\/\/laakiksenspeksi.fi\/speksi\/#website\",\"url\":\"https:\/\/laakiksenspeksi.fi\/speksi\/\",\"name\":\"Helsingin L\u00e4\u00e4kiksen Speksi\",\"description\":\"\",\"publisher\":{\"@id\":\"https:\/\/laakiksenspeksi.fi\/speksi\/#organization\"},\"potentialAction\":[{\"@type\":\"SearchAction\",\"target\":{\"@type\":\"EntryPoint\",\"urlTemplate\":\"https:\/\/laakiksenspeksi.fi\/speksi\/?s={search_term_string}\"},\"query-input\":\"required name=search_term_string\"}],\"inLanguage\":\"fi\"},{\"@type\":\"Organization\",\"@id\":\"https:\/\/laakiksenspeksi.fi\/speksi\/#organization\",\"name\":\"Helsingin L\u00e4\u00e4kiksen Speksi\",\"url\":\"https:\/\/laakiksenspeksi.fi\/speksi\/\",\"logo\":{\"@type\":\"ImageObject\",\"inLanguage\":\"fi\",\"@id\":\"https:\/\/laakiksenspeksi.fi\/speksi\/#\/schema\/logo\/image\/\",\"url\":\"https:\/\/laakiksenspeksi.fi\/speksi\/wp-content\/uploads\/sites\/15\/2022\/04\/cropped-kropattulintu.png\",\"contentUrl\":\"https:\/\/laakiksenspeksi.fi\/speksi\/wp-content\/uploads\/sites\/15\/2022\/04\/cropped-kropattulintu.png\",\"width\":542,\"height\":472,\"caption\":\"Helsingin L\u00e4\u00e4kiksen Speksi\"},\"image\":{\"@id\":\"https:\/\/laakiksenspeksi.fi\/speksi\/#\/schema\/logo\/image\/\"}}]}<\/script>\n<!-- \/ Yoast SEO plugin. -->","yoast_head_json":{"title":"Mediakorttisivu - Helsingin L\u00e4\u00e4kiksen Speksi","robots":{"index":"index","follow":"follow","max-snippet":"max-snippet:-1","max-image-preview":"max-image-preview:large","max-video-preview":"max-video-preview:-1"},"canonical":"https:\/\/laakiksenspeksi.fi\/speksi\/mediakortti-2\/","og_locale":"fi_FI","og_type":"article","og_title":"Mediakorttisivu - Helsingin L\u00e4\u00e4kiksen Speksi","og_description":"MEDIAKORTTI PDF-TIEDOSTONA L\u00e4\u00e4kiksen speksi on el\u00e4mys. Se tulvii yli lavan reunan peitt\u00e4en alleen katsojansa ja her\u00e4tt\u00e4\u00e4 yhdess\u00e4 tekemisen riemua, intoa ja nuoruuden hulluutta.\u00a0Olemme kasvaneet yhdeksi Suomen suurimmista ja kovatasoisimmista amat\u00f6\u00f6riteattereista. L\u00e4hes sadan vapaaehtoisen tiedekuntamme opiskelijan voimin toteutettu produktio tavoittaa kev\u00e4\u00e4ll\u00e4 2019 yli 3000 katsojaa ymp\u00e4ri Suomea. Yritykselle speksi tarjoaa kaikista muista vaihtoehdoista poikkeavan tavan mainontaan.\u00a0HelsinginRead More","og_url":"https:\/\/laakiksenspeksi.fi\/speksi\/mediakortti-2\/","og_site_name":"Helsingin L\u00e4\u00e4kiksen Speksi","article_modified_time":"2018-11-16T21:19:34+00:00","twitter_card":"summary_large_image","twitter_misc":{"Arvioitu lukuaika":"3 minuuttia"},"schema":{"@context":"https:\/\/schema.org","@graph":[{"@type":"WebPage","@id":"https:\/\/laakiksenspeksi.fi\/speksi\/mediakortti-2\/","url":"https:\/\/laakiksenspeksi.fi\/speksi\/mediakortti-2\/","name":"Mediakorttisivu - Helsingin L\u00e4\u00e4kiksen Speksi","isPartOf":{"@id":"https:\/\/laakiksenspeksi.fi\/speksi\/#website"},"datePublished":"2018-10-14T10:35:57+00:00","dateModified":"2018-11-16T21:19:34+00:00","breadcrumb":{"@id":"https:\/\/laakiksenspeksi.fi\/speksi\/mediakortti-2\/#breadcrumb"},"inLanguage":"fi","potentialAction":[{"@type":"ReadAction","target":["https:\/\/laakiksenspeksi.fi\/speksi\/mediakortti-2\/"]}]},{"@type":"BreadcrumbList","@id":"https:\/\/laakiksenspeksi.fi\/speksi\/mediakortti-2\/#breadcrumb","itemListElement":[{"@type":"ListItem","position":1,"name":"Home","item":"https:\/\/laakiksenspeksi.fi\/speksi\/"},{"@type":"ListItem","position":2,"name":"Mediakorttisivu"}]},{"@type":"WebSite","@id":"https:\/\/laakiksenspeksi.fi\/speksi\/#website","url":"https:\/\/laakiksenspeksi.fi\/speksi\/","name":"Helsingin L\u00e4\u00e4kiksen Speksi","description":"","publisher":{"@id":"https:\/\/laakiksenspeksi.fi\/speksi\/#organization"},"potentialAction":[{"@type":"SearchAction","target":{"@type":"EntryPoint","urlTemplate":"https:\/\/laakiksenspeksi.fi\/speksi\/?s={search_term_string}"},"query-input":"required name=search_term_string"}],"inLanguage":"fi"},{"@type":"Organization","@id":"https:\/\/laakiksenspeksi.fi\/speksi\/#organization","name":"Helsingin L\u00e4\u00e4kiksen Speksi","url":"https:\/\/laakiksenspeksi.fi\/speksi\/","logo":{"@type":"ImageObject","inLanguage":"fi","@id":"https:\/\/laakiksenspeksi.fi\/speksi\/#\/schema\/logo\/image\/","url":"https:\/\/laakiksenspeksi.fi\/speksi\/wp-content\/uploads\/sites\/15\/2022\/04\/cropped-kropattulintu.png","contentUrl":"https:\/\/laakiksenspeksi.fi\/speksi\/wp-content\/uploads\/sites\/15\/2022\/04\/cropped-kropattulintu.png","width":542,"height":472,"caption":"Helsingin L\u00e4\u00e4kiksen Speksi"},"image":{"@id":"https:\/\/laakiksenspeksi.fi\/speksi\/#\/schema\/logo\/image\/"}}]}},"_links":{"self":[{"href":"https:\/\/laakiksenspeksi.fi\/speksi\/wp-json\/wp\/v2\/pages\/697"}],"collection":[{"href":"https:\/\/laakiksenspeksi.fi\/speksi\/wp-json\/wp\/v2\/pages"}],"about":[{"href":"https:\/\/laakiksenspeksi.fi\/speksi\/wp-json\/wp\/v2\/types\/page"}],"author":[{"embeddable":true,"href":"https:\/\/laakiksenspeksi.fi\/speksi\/wp-json\/wp\/v2\/users\/1"}],"replies":[{"embeddable":true,"href":"https:\/\/laakiksenspeksi.fi\/speksi\/wp-json\/wp\/v2\/comments?post=697"}],"version-history":[{"count":301,"href":"https:\/\/laakiksenspeksi.fi\/speksi\/wp-json\/wp\/v2\/pages\/697\/revisions"}],"predecessor-version":[{"id":716,"href":"https:\/\/laakiksenspeksi.fi\/speksi\/wp-json\/wp\/v2\/pages\/697\/revisions\/716"}],"wp:attachment":[{"href":"https:\/\/laakiksenspeksi.fi\/speksi\/wp-json\/wp\/v2\/media?parent=697"}],"curies":[{"name":"wp","href":"https:\/\/api.w.org\/{rel}","templated":true}]}}